CRAN Package Check Results for Package HistogramTools

Last updated on 2018-06-19 18:47:07 CEST.

Flavor Version Tinstall Tcheck Ttotal Status Flags
r-devel-linux-x86_64-debian-clang 0.3.2 4.61 96.41 101.02 OK
r-devel-linux-x86_64-debian-gcc 0.3.2 4.49 79.12 83.61 OK
r-devel-linux-x86_64-fedora-clang 0.3.2 121.60 OK
r-devel-linux-x86_64-fedora-gcc 0.3.2 117.81 OK
r-devel-windows-ix86+x86_64 0.3.2 19.00 109.00 128.00 OK
r-patched-linux-x86_64 0.3.2 6.26 80.82 87.08 OK
r-patched-solaris-x86 0.3.2 163.30 NOTE
r-release-linux-x86_64 0.3.2 4.47 80.24 84.71 OK
r-release-windows-ix86+x86_64 0.3.2 8.00 156.00 164.00 OK
r-release-osx-x86_64 0.3.2 OK
r-oldrel-windows-ix86+x86_64 0.3.2 10.00 149.00 159.00 OK
r-oldrel-osx-x86_64 0.3.2 NOTE

Check Details

Version: 0.3.2
Check: package dependencies
Result: NOTE
    Package which this enhances but not available for checking: ‘RProtoBuf’
Flavors: r-patched-solaris-x86, r-oldrel-osx-x86_64

Version: 0.3.2
Check: Rd cross-references
Result: NOTE
    Package unavailable to check Rd xrefs: ‘RProtoBuf’
Flavors: r-patched-solaris-x86, r-oldrel-osx-x86_64