CRAN Package Check Results for Package HistogramTools

Last updated on 2018-01-21 19:49:46 CET.

Flavor Version Tinstall Tcheck Ttotal Status Flags
r-devel-linux-x86_64-debian-clang 0.3.2 4.90 79.74 84.64 OK
r-devel-linux-x86_64-debian-gcc 0.3.2 4.11 62.78 66.89 OK
r-devel-linux-x86_64-fedora-clang 0.3.2 113.87 OK
r-devel-linux-x86_64-fedora-gcc 0.3.2 112.71 OK
r-devel-windows-ix86+x86_64 0.3.2 11.00 110.00 121.00 OK
r-patched-linux-x86_64 0.3.2 4.07 84.86 88.93 OK
r-patched-solaris-x86 0.3.2 184.80 NOTE
r-release-linux-x86_64 0.3.2 5.31 84.82 90.13 OK
r-release-windows-ix86+x86_64 0.3.2 20.00 112.00 132.00 OK
r-release-osx-x86_64 0.3.2 NOTE
r-oldrel-windows-ix86+x86_64 0.3.2 14.00 137.00 151.00 OK
r-oldrel-osx-x86_64 0.3.2 OK

Check Details

Version: 0.3.2
Check: package dependencies
Result: NOTE
    Package which this enhances but not available for checking: ‘RProtoBuf’
Flavors: r-patched-solaris-x86, r-release-osx-x86_64

Version: 0.3.2
Check: Rd cross-references
Result: NOTE
    Package unavailable to check Rd xrefs: ‘RProtoBuf’
Flavors: r-patched-solaris-x86, r-release-osx-x86_64