CRAN Package Check Results for Package HistogramTools

Last updated on 2018-04-23 15:54:03 CEST.

Flavor Version Tinstall Tcheck Ttotal Status Flags
r-devel-linux-x86_64-debian-clang 0.3.2 4.06 77.85 81.91 OK
r-devel-linux-x86_64-debian-gcc 0.3.2 4.67 67.65 72.32 OK
r-devel-linux-x86_64-fedora-clang 0.3.2 113.52 OK
r-devel-linux-x86_64-fedora-gcc 0.3.2 110.79 OK
r-devel-windows-ix86+x86_64 0.3.2 16.00 104.00 120.00 OK
r-devel-osx-x86_64 0.3.2 OK
r-patched-linux-x86_64 0.3.2 4.78 81.96 86.74 OK
r-patched-solaris-x86 0.3.2 171.30 NOTE
r-release-linux-x86_64 0.3.2 4.22 83.89 88.11 OK
r-release-windows-ix86+x86_64 0.3.2 11.00 102.00 113.00 OK
r-release-osx-x86_64 0.3.2 NOTE
r-oldrel-windows-ix86+x86_64 0.3.2 11.00 110.00 121.00 OK

Check Details

Version: 0.3.2
Check: package dependencies
Result: NOTE
    Package which this enhances but not available for checking: ‘RProtoBuf’
Flavors: r-patched-solaris-x86, r-release-osx-x86_64

Version: 0.3.2
Check: Rd cross-references
Result: NOTE
    Package unavailable to check Rd xrefs: ‘RProtoBuf’
Flavors: r-patched-solaris-x86, r-release-osx-x86_64