CRAN Package Check Results for Package HistogramTools

Last updated on 2018-12-17 04:49:59 CET.

Flavor Version Tinstall Tcheck Ttotal Status Flags
r-devel-linux-x86_64-debian-clang 0.3.2 6.85 2.20 9.05 ERROR
r-devel-linux-x86_64-debian-gcc 0.3.2 5.18 2.57 7.75 ERROR
r-devel-linux-x86_64-fedora-clang 0.3.2 115.68 OK
r-devel-linux-x86_64-fedora-gcc 0.3.2 109.78 OK
r-devel-windows-ix86+x86_64 0.3.2 18.00 148.00 166.00 WARN
r-patched-linux-x86_64 0.3.2 6.43 84.35 90.78 OK
r-patched-solaris-x86 0.3.2 170.00 NOTE
r-release-linux-x86_64 0.3.2 6.34 84.75 91.09 OK
r-release-windows-ix86+x86_64 0.3.2 17.00 158.00 175.00 WARN
r-release-osx-x86_64 0.3.2 OK
r-oldrel-windows-ix86+x86_64 0.3.2 17.00 151.00 168.00 WARN
r-oldrel-osx-x86_64 0.3.2 NOTE

Check Details

Version: 0.3.2
Check: whether the package can be loaded
Result: ERROR
    Loading this package had a fatal error status code 1
    Loading log:
    Error: package or namespace load failed for ‘HistogramTools’ in dyn.load(file, DLLpath = DLLpath, ...):
     unable to load shared object ‘/home/hornik/tmp/R.check/r-devel-clang/Work/build/Packages/ash/libs/ash.so’:
     /home/hornik/tmp/R.check/r-devel-clang/Work/build/Packages/ash/libs/ash.so: failed to map segment from shared object
    Execution halted
Flavor: r-devel-linux-x86_64-debian-clang

Version: 0.3.2
Check: whether the package can be loaded
Result: ERROR
    Loading this package had a fatal error status code 1
    Loading log:
    Error: package or namespace load failed for ‘HistogramTools’ in dyn.load(file, DLLpath = DLLpath, ...):
     unable to load shared object ‘/home/hornik/tmp/R.check/r-devel-gcc/Work/build/Packages/ash/libs/ash.so’:
     /home/hornik/tmp/R.check/r-devel-gcc/Work/build/Packages/ash/libs/ash.so: failed to map segment from shared object
    Execution halted
Flavor: r-devel-linux-x86_64-debian-gcc

Version: 0.3.2
Check: whether package can be installed
Result: WARN
    Found the following significant warnings:
     Warning: S3 methods '[.fun_list', '[.grouped_df', 'all.equal.tbl_df', 'anti_join.data.frame', 'anti_join.tbl_df', 'arrange.data.frame', 'arrange.default', 'arrange.grouped_df', 'arrange.tbl_df', 'arrange_.data.frame', 'arrange_.tbl_df', 'as.data.frame.grouped_df', 'as.data.frame.rowwise_df', 'as.data.frame.tbl_cube', 'as.table.tbl_cube', 'as.tbl.data.frame', 'as.tbl.tbl', 'as.tbl_cube.array', 'as.tbl_cube.data.frame', 'as.tbl_cube.matrix', 'as.tbl_cube.table', 'as_tibble.grouped_df', 'as_tibble.tbl_cube', 'auto_copy.tbl_cube', 'auto_copy.tbl_df', 'cbind.grouped_df', 'collapse.data.frame', 'collect.data.frame', 'common_by.NULL', 'common_by.character', 'common_by.default', 'common_by.list', 'compute.data.frame', 'copy_to.DBIConnection', 'copy_to.src_local', 'default_missing.data.frame', 'default_missing.default', 'dim.tbl_cube', 'distinct.data.frame', 'distinct.default', 'distinct.grouped_df', 'distinct.tbl_df', 'distinct_.data.frame', 'distinct_.grouped_df', 'distinct_.tbl_df', 'do.NULL', 'do.da [... truncated]
Flavors: r-devel-windows-ix86+x86_64, r-release-windows-ix86+x86_64, r-oldrel-windows-ix86+x86_64

Version: 0.3.2
Check: package dependencies
Result: NOTE
    Package which this enhances but not available for checking: ‘RProtoBuf’
Flavors: r-patched-solaris-x86, r-oldrel-osx-x86_64

Version: 0.3.2
Check: Rd cross-references
Result: NOTE
    Package unavailable to check Rd xrefs: ‘RProtoBuf’
Flavors: r-patched-solaris-x86, r-oldrel-osx-x86_64