CRAN Package Check Results for Package HistDAWass

Last updated on 2021-12-05 23:52:16 CET.

Flavor Version Tinstall Tcheck Ttotal Status Flags
r-devel-linux-x86_64-debian-clang 1.0.6 67.45 116.26 183.71 OK
r-devel-linux-x86_64-debian-gcc 1.0.6 52.35 85.99 138.34 OK
r-devel-linux-x86_64-fedora-clang 1.0.6 247.49 NOTE
r-devel-linux-x86_64-fedora-gcc 1.0.6 234.94 OK
r-devel-windows-x86_64-new-UL 1.0.6 94.00 186.00 280.00 OK
r-devel-windows-x86_64-new-TK 1.0.6 OK
r-devel-windows-x86_64-old 1.0.6 82.00 107.00 189.00 OK
r-patched-linux-x86_64 1.0.6 62.39 100.15 162.54 OK
r-release-linux-x86_64 1.0.6 63.02 109.31 172.33 OK
r-release-macos-arm64 1.0.6 NOTE
r-release-macos-x86_64 1.0.6 NOTE
r-release-windows-ix86+x86_64 1.0.6 126.00 191.00 317.00 OK
r-oldrel-macos-x86_64 1.0.6 NOTE
r-oldrel-windows-ix86+x86_64 1.0.6 142.00 191.00 333.00 OK

Check Details

Version: 1.0.6
Check: installed package size
Result: NOTE
     installed size is 6.9Mb
     sub-directories of 1Mb or more:
     data 1.0Mb
     libs 5.1Mb
Flavors: r-devel-linux-x86_64-fedora-clang, r-release-macos-arm64, r-release-macos-x86_64, r-oldrel-macos-x86_64