CRAN Package Check Results for Package HighestMedianRules

Last updated on 2022-12-09 01:50:30 CET.

Flavor Version Tinstall Tcheck Ttotal Status Flags
r-devel-linux-x86_64-debian-clang 1.0 1.91 23.10 25.01 NOTE
r-devel-linux-x86_64-debian-gcc 1.0 1.89 18.60 20.49 NOTE
r-devel-linux-x86_64-fedora-clang 1.0 42.06 NOTE
r-devel-linux-x86_64-fedora-gcc 1.0 40.70 NOTE
r-devel-windows-x86_64 1.0 25.00 51.00 76.00 NOTE
r-patched-linux-x86_64 1.0 2.53 21.67 24.20 NOTE
r-release-linux-x86_64 1.0 2.25 22.20 24.45 NOTE
r-release-macos-arm64 1.0 15.00 NOTE
r-release-macos-x86_64 1.0 21.00 NOTE
r-release-windows-x86_64 1.0 6.00 43.00 49.00 NOTE
r-oldrel-macos-arm64 1.0 21.00 NOTE
r-oldrel-macos-x86_64 1.0 25.00 NOTE
r-oldrel-windows-ix86+x86_64 1.0 5.00 35.00 40.00 NOTE

Check Details

Version: 1.0
Check: LazyData
Result: NOTE
     'LazyData' is specified without a 'data' directory
Flavors: r-devel-linux-x86_64-debian-clang, r-devel-linux-x86_64-debian-gcc, r-devel-linux-x86_64-fedora-clang, r-devel-linux-x86_64-fedora-gcc, r-devel-windows-x86_64, r-patched-linux-x86_64, r-release-linux-x86_64, r-release-macos-arm64, r-release-macos-x86_64, r-release-windows-x86_64, r-oldrel-macos-arm64, r-oldrel-macos-x86_64, r-oldrel-windows-ix86+x86_64