CRAN Package Check Results for Package HiCseg

Last updated on 2022-12-09 01:50:30 CET.

Flavor Version Tinstall Tcheck Ttotal Status Flags
r-devel-linux-x86_64-debian-clang 1.1 3.77 29.16 32.93 OK
r-devel-linux-x86_64-debian-gcc 1.1 2.84 23.22 26.06 OK
r-devel-linux-x86_64-fedora-clang 1.1 52.26 NOTE
r-devel-linux-x86_64-fedora-gcc 1.1 61.55 NOTE
r-devel-windows-x86_64 1.1 12.00 71.00 83.00 OK
r-patched-linux-x86_64 1.1 2.78 28.46 31.24 OK
r-release-linux-x86_64 1.1 3.38 28.65 32.03 OK
r-release-macos-arm64 1.1 23.00 OK
r-release-macos-x86_64 1.1 29.00 OK
r-release-windows-x86_64 1.1 8.00 75.00 83.00 OK
r-oldrel-macos-arm64 1.1 30.00 OK
r-oldrel-macos-x86_64 1.1 49.00 OK
r-oldrel-windows-ix86+x86_64 1.1 9.00 53.00 62.00 OK

Check Details

Version: 1.1
Check: compiled code
Result: NOTE
    File ‘HiCseg/libs/HiCseg.so’:
     Found no calls to: ‘R_registerRoutines’, ‘R_useDynamicSymbols’
    
    It is good practice to register native routines and to disable symbol
    search.
    
    See ‘Writing portable packages’ in the ‘Writing R Extensions’ manual.
Flavors: r-devel-linux-x86_64-fedora-clang, r-devel-linux-x86_64-fedora-gcc