CRAN Package Check Results for Package HiCseg

Last updated on 2023-12-10 22:56:00 CET.

Flavor Version Tinstall Tcheck Ttotal Status Flags
r-devel-linux-x86_64-debian-clang 1.1 3.38 29.00 32.38 OK
r-devel-linux-x86_64-debian-gcc 1.1 2.78 22.81 25.59 OK
r-devel-linux-x86_64-fedora-clang 1.1 40.54 NOTE
r-devel-linux-x86_64-fedora-gcc 1.1 50.97 NOTE
r-devel-windows-x86_64 1.1 6.00 61.00 67.00 OK
r-patched-linux-x86_64 1.1 3.48 28.41 31.89 OK
r-release-linux-x86_64 1.1 3.72 27.87 31.59 OK
r-release-macos-arm64 1.1 24.00 OK
r-release-macos-x86_64 1.1 36.00 OK
r-release-windows-x86_64 1.1 5.00 58.00 63.00 OK
r-oldrel-macos-arm64 1.1 23.00 OK
r-oldrel-macos-x86_64 1.1 29.00 OK
r-oldrel-windows-x86_64 1.1 8.00 75.00 83.00 OK

Check Details

Version: 1.1
Check: compiled code
Result: NOTE File ‘HiCseg/libs/HiCseg.so’: Found no calls to: ‘R_registerRoutines’, ‘R_useDynamicSymbols’ It is good practice to register native routines and to disable symbol search. See ‘Writing portable packages’ in the ‘Writing R Extensions’ manual. Flavors: r-devel-linux-x86_64-fedora-clang, r-devel-linux-x86_64-fedora-gcc