CRAN Package Check Results for Package HeterFunctionalData

Last updated on 2022-12-09 01:50:30 CET.

Flavor Version Tinstall Tcheck Ttotal Status Flags
r-devel-linux-x86_64-debian-clang 0.1.0 2.14 30.41 32.55 NOTE
r-devel-linux-x86_64-debian-gcc 0.1.0 2.08 25.26 27.34 NOTE
r-devel-linux-x86_64-fedora-clang 0.1.0 50.98 NOTE
r-devel-linux-x86_64-fedora-gcc 0.1.0 49.89 NOTE
r-devel-windows-x86_64 0.1.0 76.00 64.00 140.00 NOTE
r-patched-linux-x86_64 0.1.0 3.16 29.10 32.26 NOTE
r-release-linux-x86_64 0.1.0 2.63 28.35 30.98 NOTE
r-release-macos-arm64 0.1.0 18.00 NOTE
r-release-macos-x86_64 0.1.0 24.00 NOTE
r-release-windows-x86_64 0.1.0 8.00 51.00 59.00 NOTE
r-oldrel-macos-arm64 0.1.0 20.00 NOTE
r-oldrel-macos-x86_64 0.1.0 39.00 NOTE
r-oldrel-windows-ix86+x86_64 0.1.0 6.00 41.00 47.00 NOTE

Check Details

Version: 0.1.0
Check: LazyData
Result: NOTE
     'LazyData' is specified without a 'data' directory
Flavors: r-devel-linux-x86_64-debian-clang, r-devel-linux-x86_64-debian-gcc, r-devel-linux-x86_64-fedora-clang, r-devel-linux-x86_64-fedora-gcc, r-devel-windows-x86_64, r-patched-linux-x86_64, r-release-linux-x86_64, r-release-macos-arm64, r-release-macos-x86_64, r-release-windows-x86_64, r-oldrel-macos-arm64, r-oldrel-macos-x86_64, r-oldrel-windows-ix86+x86_64