CRAN Package Check Results for Package Haplin

Last updated on 2022-12-08 08:53:21 CET.

Flavor Version Tinstall Tcheck Ttotal Status Flags
r-devel-linux-x86_64-debian-clang 7.3.0 23.11 386.76 409.87 OK
r-devel-linux-x86_64-debian-gcc 7.3.0 22.49 322.27 344.76 OK
r-devel-linux-x86_64-fedora-clang 7.3.0 495.13 OK
r-devel-linux-x86_64-fedora-gcc 7.3.0 502.06 OK
r-devel-windows-x86_64 7.3.0 69.00 547.00 616.00 OK
r-patched-linux-x86_64 7.3.0 22.40 355.90 378.30 OK
r-release-linux-x86_64 7.3.0 20.55 346.72 367.27 OK
r-release-macos-arm64 7.3.0 138.00 NOTE
r-release-macos-x86_64 7.3.0 163.00 NOTE
r-release-windows-x86_64 7.3.0 67.00 448.00 515.00 OK
r-oldrel-macos-arm64 7.3.0 140.00 NOTE
r-oldrel-macos-x86_64 7.3.0 162.00 NOTE
r-oldrel-windows-ix86+x86_64 7.3.0 52.00 469.00 521.00 OK

Check Details

Version: 7.3.0
Check: package dependencies
Result: NOTE
    Package suggested but not available for checking: ‘Rmpi’
Flavors: r-release-macos-arm64, r-release-macos-x86_64, r-oldrel-macos-arm64, r-oldrel-macos-x86_64