CRAN Package Check Results for Package HURDAT

Last updated on 2019-07-15 22:55:04 CEST.

Flavor Version Tinstall Tcheck Ttotal Status Flags
r-devel-linux-x86_64-debian-clang 0.2.2 3.48 32.33 35.81 OK
r-devel-linux-x86_64-debian-gcc 0.2.3 2.58 28.43 31.01 OK
r-devel-linux-x86_64-fedora-clang 0.2.3 35.15 NOTE
r-devel-linux-x86_64-fedora-gcc 0.2.3 36.76 NOTE
r-devel-windows-ix86+x86_64 0.2.1 9.00 81.00 90.00 ERROR
r-patched-linux-x86_64 0.2.3 2.97 36.01 38.98 OK
r-patched-solaris-x86 0.2.3 76.00 NOTE
r-release-linux-x86_64 0.2.1 3.53 32.07 35.60 ERROR
r-release-windows-ix86+x86_64 0.2.1 5.00 80.00 85.00 ERROR
r-release-osx-x86_64 0.2.3 NOTE
r-oldrel-windows-ix86+x86_64 0.2.3 4.00 50.00 54.00 OK
r-oldrel-osx-x86_64 0.2.3 NOTE

Check Details

Version: 0.2.3
Check: dependencies in R code
Result: NOTE
    Namespaces in Imports field not imported from:
     ‘rvest’ ‘xml2’
     All declared Imports should be used.
Flavors: r-devel-linux-x86_64-fedora-clang, r-devel-linux-x86_64-fedora-gcc, r-patched-solaris-x86, r-release-osx-x86_64, r-oldrel-osx-x86_64

Version: 0.2.1
Check: tests
Result: ERROR
     Running 'testthat.R' [24s]
    Running the tests in 'tests/testthat.R' failed.
    Complete output:
     > library(testthat)
     > library(HURDAT)
     >
     > test_check("HURDAT")
     -- 1. Failure: Dataframe Comparison (@test-hurdat.R#20) -----------------------
     `EP` not identical to `df.ep`.
     Different number of rows
    
     == testthat results ===========================================================
     OK: 4 SKIPPED: 0 WARNINGS: 0 FAILED: 1
     1. Failure: Dataframe Comparison (@test-hurdat.R#20)
    
     Error: testthat unit tests failed
     Execution halted
Flavor: r-devel-windows-ix86+x86_64

Version: 0.2.1
Check: tests
Result: ERROR
     Running ‘testthat.R’ [9s/25s]
    Running the tests in ‘tests/testthat.R’ failed.
    Complete output:
     > library(testthat)
     > library(HURDAT)
     >
     > test_check("HURDAT")
     ── 1. Failure: Dataframe Comparison (@test-hurdat.R#20) ───────────────────────
     `EP` not identical to `df.ep`.
     Different number of rows
    
     ══ testthat results ═══════════════════════════════════════════════════════════
     OK: 4 SKIPPED: 0 WARNINGS: 0 FAILED: 1
     1. Failure: Dataframe Comparison (@test-hurdat.R#20)
    
     Error: testthat unit tests failed
     Execution halted
Flavor: r-release-linux-x86_64

Version: 0.2.1
Check: tests
Result: ERROR
     Running 'testthat.R' [25s]
    Running the tests in 'tests/testthat.R' failed.
    Complete output:
     > library(testthat)
     > library(HURDAT)
     >
     > test_check("HURDAT")
     -- 1. Failure: Dataframe Comparison (@test-hurdat.R#20) -----------------------
     `EP` not identical to `df.ep`.
     Different number of rows
    
     == testthat results ===========================================================
     OK: 4 SKIPPED: 0 WARNINGS: 0 FAILED: 1
     1. Failure: Dataframe Comparison (@test-hurdat.R#20)
    
     Error: testthat unit tests failed
     Execution halted
Flavor: r-release-windows-ix86+x86_64