Last updated on 2023-12-10 22:56:00 CET.
Flavor | Version | Tinstall | Tcheck | Ttotal | Status | Flags |
---|---|---|---|---|---|---|
r-devel-linux-x86_64-debian-clang | 2.0 | 20.79 | 43.32 | 64.11 | NOTE | |
r-devel-linux-x86_64-debian-gcc | 2.0 | 19.12 | 34.37 | 53.49 | NOTE | |
r-devel-linux-x86_64-fedora-clang | 2.0 | 91.49 | OK | |||
r-devel-linux-x86_64-fedora-gcc | 2.0 | 96.55 | OK | |||
r-devel-windows-x86_64 | 2.0 | 23.00 | 75.00 | 98.00 | OK | |
r-patched-linux-x86_64 | 2.0 | 19.53 | 43.66 | 63.19 | OK | |
r-release-linux-x86_64 | 2.0 | 15.59 | 43.40 | 58.99 | OK | |
r-release-macos-arm64 | 2.0 | 30.00 | OK | |||
r-release-macos-x86_64 | 2.0 | 42.00 | OK | |||
r-release-windows-x86_64 | 2.0 | 29.00 | 84.00 | 113.00 | OK | |
r-oldrel-macos-arm64 | 2.0 | 24.00 | OK | |||
r-oldrel-macos-x86_64 | 2.0 | 38.00 | OK | |||
r-oldrel-windows-x86_64 | 2.0 | 27.00 | 81.00 | 108.00 | OK |
Version: 2.0
Check: Rd files
Result: NOTE
checkRd: (-1) CalcROC.Rd:47: Lost braces
47 | The accuracy of the classifier is the mean value of dQuote{(optSn, optSp)} for two-class problem and the mean value of \dQuote{(optSn, optSp,optS3)} for three-class problem.
| ^
Flavors: r-devel-linux-x86_64-debian-clang, r-devel-linux-x86_64-debian-gcc