CRAN Package Check Results for Package HMMEsolver

Last updated on 2021-12-03 12:56:37 CET.

Flavor Version Tinstall Tcheck Ttotal Status Flags
r-devel-linux-x86_64-debian-clang 0.1.2 50.17 25.89 76.06 NOTE
r-devel-linux-x86_64-debian-gcc 0.1.2 30.64 20.97 51.61 NOTE
r-devel-linux-x86_64-fedora-clang 0.1.2 124.89 NOTE
r-devel-linux-x86_64-fedora-gcc 0.1.2 107.24 NOTE
r-devel-windows-x86_64-new-UL 0.1.2 69.00 81.00 150.00 NOTE
r-devel-windows-x86_64-new-TK 0.1.2 NOTE
r-devel-windows-x86_64-old 0.1.2 69.00 42.00 111.00 NOTE
r-patched-linux-x86_64 0.1.2 46.91 24.94 71.85 NOTE
r-patched-solaris-x86 0.1.2 111.80 NOTE
r-release-linux-x86_64 0.1.2 44.64 25.04 69.68 NOTE
r-release-macos-arm64 0.1.2 NOTE
r-release-macos-x86_64 0.1.2 NOTE
r-release-windows-ix86+x86_64 0.1.2 131.00 75.00 206.00 NOTE
r-oldrel-macos-x86_64 0.1.2 OK
r-oldrel-windows-ix86+x86_64 0.1.2 133.00 70.00 203.00 OK

Check Details

Version: 0.1.2
Check: LazyData
Result: NOTE
     'LazyData' is specified without a 'data' directory
Flavors: r-devel-linux-x86_64-debian-clang, r-devel-linux-x86_64-debian-gcc, r-devel-linux-x86_64-fedora-clang, r-devel-linux-x86_64-fedora-gcc, r-devel-windows-x86_64-new-UL, r-devel-windows-x86_64-new-TK, r-devel-windows-x86_64-old, r-patched-linux-x86_64, r-patched-solaris-x86, r-release-linux-x86_64, r-release-macos-arm64, r-release-macos-x86_64, r-release-windows-ix86+x86_64