CRAN Package Check Results for Package HMB

Last updated on 2021-12-03 03:55:33 CET.

Flavor Version Tinstall Tcheck Ttotal Status Flags
r-devel-linux-x86_64-debian-clang 1.1 123.85 39.46 163.31 OK
r-devel-linux-x86_64-debian-gcc 1.1 88.88 31.64 120.52 OK
r-devel-linux-x86_64-fedora-clang 1.1 262.34 NOTE
r-devel-linux-x86_64-fedora-gcc 1.1 244.80 OK
r-devel-windows-x86_64-new-UL 1.1 161.00 98.00 259.00 OK
r-devel-windows-x86_64-new-TK 1.1 OK
r-devel-windows-x86_64-old 1.1 170.00 55.00 225.00 OK
r-patched-linux-x86_64 1.1 106.93 39.11 146.04 OK
r-patched-solaris-x86 1.1 237.60 OK
r-release-linux-x86_64 1.1 111.60 38.46 150.06 OK
r-release-macos-arm64 1.1 NOTE
r-release-macos-x86_64 1.1 NOTE
r-release-windows-ix86+x86_64 1.1 325.00 102.00 427.00 NOTE
r-oldrel-macos-x86_64 1.1 NOTE
r-oldrel-windows-ix86+x86_64 1.1 320.00 98.00 418.00 NOTE

Check Details

Version: 1.1
Check: installed package size
Result: NOTE
     installed size is 7.5Mb
     sub-directories of 1Mb or more:
     data 3.5Mb
     libs 3.8Mb
Flavors: r-devel-linux-x86_64-fedora-clang, r-release-macos-arm64, r-release-macos-x86_64, r-release-windows-ix86+x86_64, r-oldrel-macos-x86_64, r-oldrel-windows-ix86+x86_64