CRAN Package Check Results for Package HHG

Last updated on 2022-01-25 00:49:51 CET.

Flavor Version Tinstall Tcheck Ttotal Status Flags
r-devel-linux-x86_64-debian-clang 2.3.4 32.70 59.99 92.69 OK
r-devel-linux-x86_64-debian-gcc 2.3.4 25.04 46.48 71.52 OK
r-devel-linux-x86_64-fedora-clang 2.3.4 128.90 NOTE
r-devel-linux-x86_64-fedora-gcc 2.3.4 108.41 NOTE
r-devel-windows-x86_64-new-UL 2.3.4 56.00 105.00 161.00 OK
r-devel-windows-x86_64-new-TK 2.3.4 NOTE
r-patched-linux-x86_64 2.3.4 30.27 57.50 87.77 OK
r-release-linux-x86_64 2.3.4 24.72 56.80 81.52 OK
r-release-macos-arm64 2.3.4 NOTE
r-release-macos-x86_64 2.3.4 NOTE
r-release-windows-ix86+x86_64 2.3.4 82.00 103.00 185.00 OK
r-oldrel-macos-x86_64 2.3.4 NOTE
r-oldrel-windows-ix86+x86_64 2.3.4 84.00 100.00 184.00 OK

Additional issues

rchk

Check Details

Version: 2.3.4
Check: dependencies in R code
Result: NOTE
    Namespace in Imports field not imported from: ‘rmarkdown’
     All declared Imports should be used.
Flavors: r-devel-linux-x86_64-fedora-clang, r-devel-linux-x86_64-fedora-gcc, r-devel-windows-x86_64-new-TK, r-release-macos-arm64, r-release-macos-x86_64, r-oldrel-macos-x86_64