CRAN Package Check Results for Package HDGLM

Last updated on 2022-12-09 01:50:30 CET.

Flavor Version Tinstall Tcheck Ttotal Status Flags
r-devel-linux-x86_64-debian-clang 0.1 2.99 22.72 25.71 NOTE
r-devel-linux-x86_64-debian-gcc 0.1 2.26 19.02 21.28 NOTE
r-devel-linux-x86_64-fedora-clang 0.1 42.75 NOTE
r-devel-linux-x86_64-fedora-gcc 0.1 41.90 NOTE
r-devel-windows-x86_64 0.1 11.00 50.00 61.00 NOTE
r-patched-linux-x86_64 0.1 1.92 21.98 23.90 NOTE
r-release-linux-x86_64 0.1 2.74 21.71 24.45 NOTE
r-release-macos-arm64 0.1 16.00 NOTE
r-release-macos-x86_64 0.1 21.00 NOTE
r-release-windows-x86_64 0.1 7.00 44.00 51.00 NOTE
r-oldrel-macos-arm64 0.1 23.00 NOTE
r-oldrel-macos-x86_64 0.1 32.00 NOTE
r-oldrel-windows-ix86+x86_64 0.1 8.00 38.00 46.00 NOTE

Check Details

Version: 0.1
Check: LazyData
Result: NOTE
     'LazyData' is specified without a 'data' directory
Flavors: r-devel-linux-x86_64-debian-clang, r-devel-linux-x86_64-debian-gcc, r-devel-linux-x86_64-fedora-clang, r-devel-linux-x86_64-fedora-gcc, r-devel-windows-x86_64, r-patched-linux-x86_64, r-release-linux-x86_64, r-release-macos-arm64, r-release-macos-x86_64, r-release-windows-x86_64, r-oldrel-macos-arm64, r-oldrel-macos-x86_64, r-oldrel-windows-ix86+x86_64

Version: 0.1
Check: compiled code
Result: NOTE
    File ‘HDGLM/libs/HDGLM.so’:
     Found no calls to: ‘R_registerRoutines’, ‘R_useDynamicSymbols’
    
    It is good practice to register native routines and to disable symbol
    search.
    
    See ‘Writing portable packages’ in the ‘Writing R Extensions’ manual.
Flavors: r-devel-linux-x86_64-fedora-clang, r-devel-linux-x86_64-fedora-gcc