Last updated on 2023-06-06 20:09:45 CEST.
Flavor | Version | Tinstall | Tcheck | Ttotal | Status | Flags |
---|---|---|---|---|---|---|
r-devel-linux-x86_64-debian-clang | 0.1.3 | 17.65 | 84.31 | 101.96 | OK | |
r-devel-linux-x86_64-debian-gcc | 0.1.3 | 14.09 | 63.28 | 77.37 | OK | |
r-devel-linux-x86_64-fedora-clang | 0.1.3 | 129.44 | NOTE | |||
r-devel-linux-x86_64-fedora-gcc | 0.1.3 | 122.31 | OK | |||
r-devel-windows-x86_64 | 0.1.3 | 20.00 | 80.00 | 100.00 | NOTE | |
r-patched-linux-x86_64 | 0.1.3 | 13.98 | 79.66 | 93.64 | OK | |
r-release-linux-x86_64 | 0.1.3 | 18.29 | 78.95 | 97.24 | OK | |
r-release-macos-arm64 | 0.1.3 | 44.00 | NOTE | |||
r-release-macos-x86_64 | 0.1.3 | 68.00 | NOTE | |||
r-release-windows-x86_64 | 0.1.3 | 25.00 | 92.00 | 117.00 | NOTE | |
r-oldrel-macos-arm64 | 0.1.3 | 51.00 | NOTE | |||
r-oldrel-macos-x86_64 | 0.1.3 | 62.00 | NOTE | |||
r-oldrel-windows-x86_64 | 0.1.3 | 24.00 | 98.00 | 122.00 | NOTE |
Version: 0.1.3
Check: installed package size
Result: NOTE
installed size is 6.4Mb
sub-directories of 1Mb or more:
data 6.3Mb
Flavors: r-devel-linux-x86_64-fedora-clang, r-devel-windows-x86_64, r-release-macos-arm64, r-release-macos-x86_64, r-release-windows-x86_64, r-oldrel-macos-arm64, r-oldrel-macos-x86_64, r-oldrel-windows-x86_64