Last updated on 2023-03-25 00:49:16 CET.
Flavor | Version | Tinstall | Tcheck | Ttotal | Status | Flags |
---|---|---|---|---|---|---|
r-devel-linux-x86_64-debian-clang | 1.0.6-1 | 37.07 | 59.23 | 96.30 | NOTE | |
r-devel-linux-x86_64-debian-gcc | 1.0.6-1 | 27.46 | 43.46 | 70.92 | NOTE | |
r-devel-linux-x86_64-fedora-clang | 1.0.6-1 | 128.50 | NOTE | |||
r-devel-linux-x86_64-fedora-gcc | 1.0.6-1 | 113.07 | NOTE | |||
r-devel-windows-x86_64 | 1.0.6-1 | 214.00 | 114.00 | 328.00 | NOTE | |
r-patched-linux-x86_64 | 1.0.6-1 | 30.80 | 57.75 | 88.55 | OK | |
r-release-linux-x86_64 | 1.0.6-1 | 29.45 | 57.61 | 87.06 | OK | |
r-release-macos-arm64 | 1.0.6-1 | 37.00 | NOTE | |||
r-release-macos-x86_64 | 1.0.6-1 | 46.00 | NOTE | |||
r-release-windows-x86_64 | 1.0.6-1 | 64.00 | 120.00 | 184.00 | NOTE | |
r-oldrel-macos-arm64 | 1.0.6-1 | 33.00 | NOTE | |||
r-oldrel-macos-x86_64 | 1.0.6-1 | 49.00 | NOTE | |||
r-oldrel-windows-ix86+x86_64 | 1.0.6-1 | 91.00 | 120.00 | 211.00 | NOTE |
Version: 1.0.6-1
Check: C++ specification
Result: NOTE
Specified C++11: please drop specification unless essential
Flavors: r-devel-linux-x86_64-debian-clang, r-devel-linux-x86_64-debian-gcc, r-devel-linux-x86_64-fedora-clang, r-devel-linux-x86_64-fedora-gcc, r-devel-windows-x86_64
Version: 1.0.6-1
Check: installed package size
Result: NOTE
installed size is 5.4Mb
sub-directories of 1Mb or more:
libs 1.0Mb
shiny 4.3Mb
Flavors: r-devel-windows-x86_64, r-release-macos-arm64, r-release-macos-x86_64, r-release-windows-x86_64, r-oldrel-macos-arm64, r-oldrel-macos-x86_64, r-oldrel-windows-ix86+x86_64