CRAN Package Check Results for Package GrpString

Last updated on 2022-12-04 21:55:39 CET.

Flavor Version Tinstall Tcheck Ttotal Status Flags
r-devel-linux-x86_64-debian-clang 0.3.2 3.70 40.57 44.27 NOTE
r-devel-linux-x86_64-debian-gcc 0.3.2 2.77 31.16 33.93 NOTE
r-devel-linux-x86_64-fedora-clang 0.3.2 64.13 NOTE
r-devel-linux-x86_64-fedora-gcc 0.3.2 63.41 NOTE
r-devel-windows-x86_64 0.3.2 30.00 74.00 104.00 OK
r-patched-linux-x86_64 0.3.2 3.45 38.91 42.36 NOTE
r-release-linux-x86_64 0.3.2 2.64 38.59 41.23 NOTE
r-release-macos-arm64 0.3.2 19.00 NOTE
r-release-macos-x86_64 0.3.2 27.00 NOTE
r-release-windows-x86_64 0.3.2 12.00 76.00 88.00 OK
r-oldrel-macos-arm64 0.3.2 25.00 NOTE
r-oldrel-macos-x86_64 0.3.2 38.00 NOTE
r-oldrel-windows-ix86+x86_64 0.3.2 7.00 64.00 71.00 OK

Check Details

Version: 0.3.2
Check: for non-standard things in the check directory
Result: NOTE
    Found the following files/directories:
     'p1_20up-vs-p2_25up_in_str1.txt' 'p1_20up-vs-p2_25up_in_str2.txt'
     'p2_25up-vs-p1_20up_in_str1.txt' 'p2_25up-vs-p1_20up_in_str2.txt'
     's0_20up.txt' 's0_30up.txt' 's0_f2up.txt' 'strs.vec_01mx.txt'
     'strs.vec_02mx.txt' 'strs.vec_03mx.txt' 'strs.vec_04mx.txt'
     'strs.vec_05mx.txt' 'strs.vec_06mx.txt' 'strs.vec_30up.txt'
     'strs.vec_50up.txt' 'strs.vec_f2up.txt' 'uni_p1_20up-p2_25up.txt'
Flavors: r-devel-linux-x86_64-debian-clang, r-devel-linux-x86_64-debian-gcc, r-devel-linux-x86_64-fedora-clang, r-devel-linux-x86_64-fedora-gcc, r-patched-linux-x86_64, r-release-linux-x86_64

Version: 0.3.2
Check: dependencies in R code
Result: NOTE
    Namespace in Imports field not imported from: ‘Rcpp’
     All declared Imports should be used.
Flavors: r-devel-linux-x86_64-fedora-clang, r-devel-linux-x86_64-fedora-gcc, r-release-macos-arm64, r-release-macos-x86_64, r-oldrel-macos-arm64, r-oldrel-macos-x86_64