CRAN Package Check Results for Package Ghost

Last updated on 2020-10-21 14:46:59 CEST.

Flavor Version Tinstall Tcheck Ttotal Status Flags
r-devel-linux-x86_64-debian-clang 0.1.0 3.27 20.38 23.65 OK
r-devel-linux-x86_64-debian-gcc 0.1.0 2.77 16.42 19.19 OK
r-devel-linux-x86_64-fedora-clang 0.1.0 39.06 NOTE
r-devel-linux-x86_64-fedora-gcc 0.1.0 29.43 NOTE
r-devel-windows-ix86+x86_64 0.1.0 9.00 35.00 44.00 OK
r-patched-linux-x86_64 0.1.0 3.45 20.09 23.54 OK
r-patched-solaris-x86 0.1.0 44.30 NOTE
r-release-linux-x86_64 0.1.0 3.63 19.89 23.52 OK
r-release-macos-x86_64 0.1.0 NOTE
r-release-windows-ix86+x86_64 0.1.0 6.00 35.00 41.00 OK
r-oldrel-macos-x86_64 0.1.0 NOTE
r-oldrel-windows-ix86+x86_64 0.1.0 6.00 27.00 33.00 OK

Check Details

Version: 0.1.0
Check: dependencies in R code
Result: NOTE
    Namespace in Imports field not imported from: ‘R6’
     All declared Imports should be used.
Flavors: r-devel-linux-x86_64-fedora-clang, r-devel-linux-x86_64-fedora-gcc, r-patched-solaris-x86, r-release-macos-x86_64, r-oldrel-macos-x86_64