Last updated on 2023-06-05 12:57:05 CEST.
Flavor | Version | Tinstall | Tcheck | Ttotal | Status | Flags |
---|---|---|---|---|---|---|
r-devel-linux-x86_64-debian-clang | 1.0 | 16.18 | 181.02 | 197.20 | NOTE | |
r-devel-linux-x86_64-debian-gcc | 1.0 | 11.94 | 132.52 | 144.46 | NOTE | |
r-devel-linux-x86_64-fedora-clang | 1.0 | 236.25 | NOTE | |||
r-devel-linux-x86_64-fedora-gcc | 1.0 | 226.15 | NOTE | |||
r-devel-windows-x86_64 | 1.0 | 16.00 | 147.00 | 163.00 | NOTE | |
r-patched-linux-x86_64 | 1.0 | 19.35 | 171.44 | 190.79 | NOTE | |
r-release-linux-x86_64 | 1.0 | 14.56 | 163.86 | 178.42 | NOTE | |
r-release-macos-arm64 | 1.0 | 62.00 | NOTE | |||
r-release-macos-x86_64 | 1.0 | 105.00 | NOTE | |||
r-release-windows-x86_64 | 1.0 | 19.00 | 174.00 | 193.00 | NOTE | |
r-oldrel-macos-arm64 | 1.0 | 62.00 | NOTE | |||
r-oldrel-macos-x86_64 | 1.0 | 98.00 | NOTE | |||
r-oldrel-windows-x86_64 | 1.0 | 20.00 | 174.00 | 194.00 | NOTE |
Version: 1.0
Check: LazyData
Result: NOTE
'LazyData' is specified without a 'data' directory
Flavors: r-devel-linux-x86_64-debian-clang, r-devel-linux-x86_64-debian-gcc, r-devel-linux-x86_64-fedora-clang, r-devel-linux-x86_64-fedora-gcc, r-devel-windows-x86_64, r-patched-linux-x86_64, r-release-linux-x86_64, r-release-macos-arm64, r-release-macos-x86_64, r-release-windows-x86_64, r-oldrel-macos-arm64, r-oldrel-macos-x86_64, r-oldrel-windows-x86_64