CRAN Package Check Results for Package GeneralizedWendland

Last updated on 2022-12-08 10:53:21 CET.

Flavor Version Tinstall Tcheck Ttotal Status Flags
r-devel-linux-x86_64-debian-clang 0.5-2 41.04 124.44 165.48 OK
r-devel-linux-x86_64-debian-gcc 0.5-2 30.72 95.74 126.46 OK
r-devel-linux-x86_64-fedora-clang 0.5-2 229.10 OK
r-devel-linux-x86_64-fedora-gcc 0.5-2 231.33 OK
r-devel-windows-x86_64 0.5-2 156.00 184.00 340.00 OK
r-patched-linux-x86_64 0.5-2 40.65 121.99 162.64 OK
r-release-linux-x86_64 0.5-2 36.04 124.06 160.10 OK
r-release-macos-arm64 0.5-2 56.00 OK
r-release-macos-x86_64 0.5-2 78.00 NOTE
r-release-windows-x86_64 0.5-2 112.00 182.00 294.00 OK
r-oldrel-macos-arm64 0.5-2 46.00 OK
r-oldrel-macos-x86_64 0.5-2 83.00 NOTE
r-oldrel-windows-ix86+x86_64 0.5-2 101.00 228.00 329.00 OK

Check Details

Version: 0.5-2
Check: installed package size
Result: NOTE
     installed size is 5.2Mb
     sub-directories of 1Mb or more:
     doc 1.4Mb
     libs 3.6Mb
Flavors: r-release-macos-x86_64, r-oldrel-macos-x86_64