Last updated on 2023-12-11 05:51:53 CET.
Flavor | Version | Tinstall | Tcheck | Ttotal | Status | Flags |
---|---|---|---|---|---|---|
r-devel-linux-x86_64-debian-clang | 1.2 | 2.01 | 27.13 | 29.14 | NOTE | |
r-devel-linux-x86_64-debian-gcc | 1.2 | 1.54 | 20.87 | 22.41 | NOTE | |
r-devel-linux-x86_64-fedora-clang | 1.2 | 37.04 | NOTE | |||
r-devel-linux-x86_64-fedora-gcc | 1.2 | 35.75 | NOTE | |||
r-devel-windows-x86_64 | 1.2 | 4.00 | 49.00 | 53.00 | NOTE | |
r-patched-linux-x86_64 | 1.2 | 2.34 | 27.37 | 29.71 | OK | |
r-release-linux-x86_64 | 1.2 | 1.73 | 26.84 | 28.57 | OK | |
r-release-macos-arm64 | 1.2 | 17.00 | OK | |||
r-release-macos-x86_64 | 1.2 | 23.00 | OK | |||
r-release-windows-x86_64 | 1.2 | 4.00 | 48.00 | 52.00 | OK | |
r-oldrel-macos-arm64 | 1.2 | 17.00 | OK | |||
r-oldrel-macos-x86_64 | 1.2 | 36.00 | OK | |||
r-oldrel-windows-x86_64 | 1.2 | 33.00 | 75.00 | 108.00 | OK |
Version: 1.2
Check: Rd metadata
Result: NOTE
Invalid package aliases in Rd file 'GenBinom-package.Rd':
‘GenbinomApps-package’
Flavors: r-devel-linux-x86_64-debian-clang, r-devel-linux-x86_64-debian-gcc, r-devel-linux-x86_64-fedora-clang, r-devel-linux-x86_64-fedora-gcc, r-devel-windows-x86_64
Version: 1.2
Check: Rd cross-references
Result: NOTE
Undeclared package ‘poibin’ in Rd xrefs
Flavor: r-devel-linux-x86_64-fedora-clang