CRAN Package Check Results for Package GWnnegPCA

Last updated on 2021-08-05 10:51:51 CEST.

Flavor Version Tinstall Tcheck Ttotal Status Flags
r-devel-linux-x86_64-debian-clang 0.0.4 8.25 81.53 89.78 NOTE
r-devel-linux-x86_64-debian-gcc 0.0.4 5.79 61.82 67.61 NOTE
r-devel-linux-x86_64-fedora-clang 0.0.4 113.49 NOTE
r-devel-linux-x86_64-fedora-gcc 0.0.4 105.05 NOTE
r-devel-windows-x86_64 0.0.4 12.00 102.00 114.00 NOTE
r-devel-windows-x86_64-gcc10-UCRT 0.0.4 ERROR
r-patched-linux-x86_64 0.0.4 7.89 78.13 86.02 NOTE
r-patched-solaris-x86 0.0.4 153.40 NOTE
r-release-linux-x86_64 0.0.4 8.66 80.16 88.82 NOTE
r-release-macos-arm64 0.0.4 NOTE
r-release-macos-x86_64 0.0.4 NOTE
r-release-windows-ix86+x86_64 0.0.4 18.00 76.00 94.00 NOTE
r-oldrel-macos-x86_64 0.0.4 NOTE
r-oldrel-windows-ix86+x86_64 0.0.4 13.00 99.00 112.00 OK

Check Details

Version: 0.0.4
Check: LazyData
Result: NOTE
     'LazyData' is specified without a 'data' directory
Flavors: r-devel-linux-x86_64-debian-clang, r-devel-linux-x86_64-debian-gcc, r-devel-linux-x86_64-fedora-clang, r-devel-linux-x86_64-fedora-gcc, r-devel-windows-x86_64, r-patched-linux-x86_64, r-patched-solaris-x86, r-release-linux-x86_64, r-release-macos-arm64, r-release-macos-x86_64, r-release-windows-ix86+x86_64

Version: 0.0.4
Check: dependencies in R code
Result: NOTE
    Namespace in Imports field not imported from: ‘sf’
     All declared Imports should be used.
Flavors: r-devel-linux-x86_64-fedora-clang, r-devel-linux-x86_64-fedora-gcc, r-patched-solaris-x86, r-release-macos-arm64, r-release-macos-x86_64, r-oldrel-macos-x86_64

Version: 0.0.4
Check: package dependencies
Result: ERROR
    Package required but not available: 'sf'
    
    See section 'The DESCRIPTION file' in the 'Writing R Extensions'
    manual.
Flavor: r-devel-windows-x86_64-gcc10-UCRT