CRAN Package Check Results for Package GWI

Last updated on 2024-06-21 02:56:19 CEST.

Flavor Version Tinstall Tcheck Ttotal Status Flags
r-devel-linux-x86_64-debian-clang 1.0.2 1.34 22.59 23.93 NOTE
r-devel-linux-x86_64-debian-gcc 1.0.2 1.71 17.26 18.97 NOTE
r-devel-linux-x86_64-fedora-clang 1.0.2 31.10 NOTE
r-devel-linux-x86_64-fedora-gcc 1.0.2 29.89 NOTE
r-devel-windows-x86_64 1.0.2 2.00 36.00 38.00 NOTE
r-patched-linux-x86_64 1.0.2 1.69 21.80 23.49 NOTE
r-release-linux-x86_64 1.0.2 1.96 20.94 22.90 NOTE
r-release-macos-arm64 1.0.2 14.00 NOTE
r-release-macos-x86_64 1.0.2 20.00 NOTE
r-release-windows-x86_64 1.0.2 3.00 37.00 40.00 NOTE
r-oldrel-macos-arm64 1.0.2 16.00 NOTE
r-oldrel-macos-x86_64 1.0.2 19.00 NOTE
r-oldrel-windows-x86_64 1.0.2 4.00 36.00 40.00 NOTE

Check Details

Version: 1.0.2
Check: LazyData
Result: NOTE 'LazyData' is specified without a 'data' directory Flavors: r-devel-linux-x86_64-debian-clang, r-devel-linux-x86_64-debian-gcc, r-devel-linux-x86_64-fedora-clang, r-devel-linux-x86_64-fedora-gcc, r-devel-windows-x86_64, r-patched-linux-x86_64, r-release-linux-x86_64, r-release-macos-arm64, r-release-macos-x86_64, r-release-windows-x86_64, r-oldrel-macos-arm64, r-oldrel-macos-x86_64, r-oldrel-windows-x86_64