CRAN Package Check Results for Package GPvecchia

Last updated on 2024-02-26 06:52:55 CET.

Flavor Version Tinstall Tcheck Ttotal Status Flags
r-devel-linux-x86_64-debian-clang 0.1.6 145.46 71.72 217.18 OK
r-devel-linux-x86_64-debian-gcc 0.1.6 106.78 47.02 153.80 OK
r-devel-linux-x86_64-fedora-clang 0.1.6 236.81 ERROR
r-devel-linux-x86_64-fedora-gcc 0.1.6 320.36 OK
r-devel-windows-x86_64 0.1.6 102.00 87.00 189.00 OK
r-patched-linux-x86_64 0.1.6 141.59 64.08 205.67 OK
r-release-linux-x86_64 0.1.6 131.85 62.49 194.34 OK
r-release-macos-arm64 0.1.6 15.00 ERROR
r-release-macos-x86_64 0.1.6 42.00 ERROR
r-release-windows-x86_64 0.1.6 134.00 103.00 237.00 OK
r-oldrel-macos-arm64 0.1.6 14.00 ERROR
r-oldrel-windows-x86_64 0.1.6 130.00 100.00 230.00 OK

Additional issues

M1mac M1mac

Check Details

Version: 0.1.6
Check: whether package can be installed
Result: ERROR Installation failed. Flavors: r-devel-linux-x86_64-fedora-clang, r-release-macos-arm64, r-release-macos-x86_64, r-oldrel-macos-arm64