CRAN Package Check Results for Package GPrank

Last updated on 2019-08-24 22:46:26 CEST.

Flavor Version Tinstall Tcheck Ttotal Status Flags
r-devel-linux-x86_64-debian-clang 0.1.4 9.48 107.56 117.04 NOTE
r-devel-linux-x86_64-debian-gcc 0.1.4 9.60 83.59 93.19 NOTE
r-devel-linux-x86_64-fedora-clang 0.1.4 140.31 NOTE
r-devel-linux-x86_64-fedora-gcc 0.1.4 139.46 NOTE
r-devel-windows-ix86+x86_64 0.1.4 24.00 105.00 129.00 OK
r-patched-linux-x86_64 0.1.4 8.22 105.29 113.51 OK
r-patched-solaris-x86 0.1.4 191.90 OK
r-release-linux-x86_64 0.1.4 8.52 105.55 114.07 OK
r-release-windows-ix86+x86_64 0.1.4 28.00 153.00 181.00 OK
r-release-osx-x86_64 0.1.4 OK
r-oldrel-windows-ix86+x86_64 0.1.4 18.00 166.00 184.00 OK
r-oldrel-osx-x86_64 0.1.4 OK

Check Details

Version: 0.1.4
Check: for non-standard things in the check directory
Result: NOTE
    Found the following files/directories:
     'geneA_GPprofile.pdf' 'geneA_abstr.png' 'geneA_gene.png'
     'geneA_reltr.png' 'geneB_abstr.png' 'geneB_gene.png'
     'geneB_reltr.png' 'geneC_abstr.png' 'geneC_gene.png'
     'geneC_reltr.png' 'testdb.sqlite'
Flavors: r-devel-linux-x86_64-debian-clang, r-devel-linux-x86_64-debian-gcc, r-devel-linux-x86_64-fedora-clang, r-devel-linux-x86_64-fedora-gcc