CRAN Package Check Results for Package GPoM

Last updated on 2022-12-08 19:49:36 CET.

Flavor Version Tinstall Tcheck Ttotal Status Flags
r-devel-linux-x86_64-debian-clang 1.3 11.68 771.27 782.95 OK
r-devel-linux-x86_64-debian-gcc 1.3 8.89 530.36 539.25 OK
r-devel-linux-x86_64-fedora-clang 1.3 919.10 NOTE
r-devel-linux-x86_64-fedora-gcc 1.3 928.26 OK
r-devel-windows-x86_64 1.3 52.00 226.00 278.00 NOTE --no-vignettes
r-patched-linux-x86_64 1.3 9.93 737.15 747.08 OK
r-release-linux-x86_64 1.3 10.15 719.52 729.67 OK
r-release-macos-arm64 1.3 213.00 NOTE
r-release-macos-x86_64 1.3 239.00 NOTE
r-release-windows-x86_64 1.3 26.00 186.00 212.00 NOTE --no-vignettes
r-oldrel-macos-arm64 1.3 186.00 NOTE
r-oldrel-macos-x86_64 1.3 295.00 NOTE
r-oldrel-windows-ix86+x86_64 1.3 21.00 178.00 199.00 NOTE --no-vignettes

Check Details

Version: 1.3
Check: installed package size
Result: NOTE
     installed size is 5.5Mb
     sub-directories of 1Mb or more:
     data 1.6Mb
     doc 3.5Mb
Flavors: r-devel-linux-x86_64-fedora-clang, r-release-macos-arm64, r-release-macos-x86_64, r-oldrel-macos-arm64, r-oldrel-macos-x86_64

Version: 1.3
Flags: --no-vignettes
Check: installed package size
Result: NOTE
     installed size is 5.5Mb
     sub-directories of 1Mb or more:
     data 1.6Mb
     doc 3.5Mb
Flavors: r-devel-windows-x86_64, r-release-windows-x86_64, r-oldrel-windows-ix86+x86_64