CRAN Package Check Results for Package GPCMlasso

Last updated on 2021-12-08 09:53:30 CET.

Flavor Version Tinstall Tcheck Ttotal Status Flags
r-devel-linux-x86_64-debian-clang 0.1-5 60.55 208.09 268.64 OK
r-devel-linux-x86_64-debian-gcc 0.1-5 40.93 145.39 186.32 OK
r-devel-linux-x86_64-fedora-clang 0.1-5 339.89 OK
r-devel-linux-x86_64-fedora-gcc 0.1-5 301.17 OK
r-devel-windows-x86_64-new-UL 0.1-5 80.00 240.00 320.00 OK
r-devel-windows-x86_64-new-TK 0.1-5 OK
r-devel-windows-x86_64-old 0.1-5 77.00 215.00 292.00 OK
r-patched-linux-x86_64 0.1-5 58.97 185.29 244.26 OK
r-release-linux-x86_64 0.1-5 49.77 185.17 234.94 OK
r-release-macos-arm64 0.1-5 NOTE
r-release-macos-x86_64 0.1-5 OK
r-release-windows-ix86+x86_64 0.1-5 94.00 307.00 401.00 OK
r-oldrel-macos-x86_64 0.1-5 OK
r-oldrel-windows-ix86+x86_64 0.1-5 136.00 308.00 444.00 OK

Check Details

Version: 0.1-5
Check: installed package size
Result: NOTE
     installed size is 5.2Mb
     sub-directories of 1Mb or more:
     libs 5.0Mb
Flavor: r-release-macos-arm64