CRAN Package Check Results for Package GPBayes

Last updated on 2022-12-04 21:55:39 CET.

Flavor Version Tinstall Tcheck Ttotal Status Flags
r-devel-linux-x86_64-debian-clang 0.1.0-4 221.61 49.07 270.68 OK
r-devel-linux-x86_64-debian-gcc 0.1.0-4 182.14 41.30 223.44 OK
r-devel-linux-x86_64-fedora-clang 0.1.0-4 322.34 OK
r-devel-linux-x86_64-fedora-gcc 0.1.0-4 371.03 OK
r-devel-windows-x86_64 0.1.0-4 130.00 108.00 238.00 OK
r-patched-linux-x86_64 0.1.0-4 172.54 46.98 219.52 OK
r-release-linux-x86_64 0.1.0-4 183.47 47.13 230.60 OK
r-release-macos-arm64 0.1.0-4 87.00 NOTE
r-release-macos-x86_64 0.1.0-4 110.00 NOTE
r-release-windows-x86_64 0.1.0-4 130.00 104.00 234.00 OK
r-oldrel-macos-arm64 0.1.0-4 78.00 NOTE
r-oldrel-macos-x86_64 0.1.0-4 106.00 NOTE
r-oldrel-windows-ix86+x86_64 0.1.0-4 375.00 100.00 475.00 OK

Check Details

Version: 0.1.0-4
Check: installed package size
Result: NOTE
     installed size is 30.1Mb
     sub-directories of 1Mb or more:
     libs 29.6Mb
Flavors: r-release-macos-arm64, r-release-macos-x86_64, r-oldrel-macos-arm64, r-oldrel-macos-x86_64