CRAN Package Check Results for Package GMCM

Last updated on 2024-06-21 06:58:14 CEST.

Flavor Version Tinstall Tcheck Ttotal Status Flags
r-devel-linux-x86_64-debian-clang 1.4 39.98 220.27 260.25 NOTE
r-devel-linux-x86_64-debian-gcc 1.4 28.93 154.66 183.59 NOTE
r-devel-linux-x86_64-fedora-clang 1.4 327.41 NOTE
r-devel-linux-x86_64-fedora-gcc 1.4 332.05 NOTE
r-devel-windows-x86_64 1.4 32.00 257.00 289.00 NOTE
r-patched-linux-x86_64 1.4 38.15 210.28 248.43 NOTE
r-release-linux-x86_64 1.4 38.34 211.35 249.69 NOTE
r-release-macos-arm64 1.4 95.00 NOTE
r-release-macos-x86_64 1.4 158.00 WARN
r-release-windows-x86_64 1.4 33.00 260.00 293.00 NOTE
r-oldrel-macos-arm64 1.4 97.00 OK
r-oldrel-macos-x86_64 1.4 201.00 OK
r-oldrel-windows-x86_64 1.4 39.00 308.00 347.00 OK

Check Details

Version: 1.4
Check: Rd files
Result: NOTE checkRd: (-1) rtheta.Rd:50-76: Lost braces in \itemize; meant \describe ? Flavors: r-devel-linux-x86_64-debian-clang, r-devel-linux-x86_64-debian-gcc, r-devel-linux-x86_64-fedora-clang, r-devel-linux-x86_64-fedora-gcc, r-devel-windows-x86_64, r-patched-linux-x86_64, r-release-linux-x86_64, r-release-macos-arm64, r-release-macos-x86_64, r-release-windows-x86_64

Version: 1.4
Check: re-building of vignette outputs
Result: WARN Error(s) in re-building vignettes: --- re-building ‘usage-example-general-model.Rmd’ using rmarkdown --- finished re-building ‘usage-example-general-model.Rmd’ --- re-building ‘usage-example-special-model.Rmd’ using rmarkdown --- finished re-building ‘usage-example-special-model.Rmd’ --- re-building ‘usage-shiny-graphical-interface.Rmd’ using rmarkdown --- finished re-building ‘usage-shiny-graphical-interface.Rmd’ --- re-building ‘GMCM-JStatSoft.Rnw’ using knitr Error: processing vignette 'GMCM-JStatSoft.Rnw' failed with diagnostics: Running 'texi2dvi' on 'GMCM-JStatSoft.tex' failed. LaTeX errors: ! Undefined control sequence. l.455 \hldef {> }\hlkwd{library}\hldef{(}\hlsng{"GMCM"}\hldef{)} ? ! Emergency stop. ! Emergency stop. l.455 End of file on the terminal! ! ==> Fatal error occurred, no output PDF file produced! --- failed re-building ‘GMCM-JStatSoft.Rnw’ SUMMARY: processing the following file failed: ‘GMCM-JStatSoft.Rnw’ Error: Vignette re-building failed. Execution halted Flavor: r-release-macos-x86_64