CRAN Package Check Results for Package GIGrvg

Last updated on 2022-01-27 20:49:52 CET.

Flavor Version Tinstall Tcheck Ttotal Status Flags
r-devel-linux-x86_64-debian-clang 0.5 2.15 31.03 33.18 OK
r-devel-linux-x86_64-debian-gcc 0.5 1.88 24.23 26.11 OK
r-devel-linux-x86_64-fedora-clang 0.5 41.36 NOTE
r-devel-linux-x86_64-fedora-gcc 0.5 30.59 OK
r-devel-windows-x86_64-new-UL 0.5 18.00 49.00 67.00 OK
r-devel-windows-x86_64-new-TK 0.5 OK
r-patched-linux-x86_64 0.5 2.20 29.57 31.77 OK
r-release-linux-x86_64 0.5 2.52 29.63 32.15 OK
r-release-macos-arm64 0.5 OK
r-release-macos-x86_64 0.5 OK
r-release-windows-ix86+x86_64 0.5 9.00 46.00 55.00 OK
r-oldrel-macos-x86_64 0.5 OK
r-oldrel-windows-ix86+x86_64 0.5 7.00 44.00 51.00 OK

Check Details

Version: 0.5
Check: Rd cross-references
Result: NOTE
    Undeclared packages ‘Runuran’, ‘ghyp’ in Rd xrefs
Flavor: r-devel-linux-x86_64-fedora-clang