Last updated on 2023-12-11 21:00:25 CET.
Flavor | Version | Tinstall | Tcheck | Ttotal | Status | Flags |
---|---|---|---|---|---|---|
r-devel-linux-x86_64-debian-clang | 1.3.0 | 13.64 | 191.74 | 205.38 | OK | |
r-devel-linux-x86_64-debian-gcc | 1.3.0 | 12.87 | 142.75 | 155.62 | OK | |
r-devel-linux-x86_64-fedora-clang | 1.3.0 | 259.47 | NOTE | |||
r-devel-linux-x86_64-fedora-gcc | 1.3.0 | 255.98 | OK | |||
r-devel-windows-x86_64 | 1.3.0 | 16.00 | 170.00 | 186.00 | NOTE | |
r-patched-linux-x86_64 | 1.3.0 | 14.83 | 183.32 | 198.15 | OK | |
r-release-linux-x86_64 | 1.3.0 | 11.75 | 183.35 | 195.10 | OK | |
r-release-macos-arm64 | 1.3.0 | 360.00 | NOTE | |||
r-release-macos-x86_64 | 1.3.0 | 547.00 | NOTE | |||
r-release-windows-x86_64 | 1.3.0 | 23.00 | 205.00 | 228.00 | NOTE | |
r-oldrel-macos-arm64 | 1.3.0 | 320.00 | NOTE | |||
r-oldrel-macos-x86_64 | 1.2.0 | 333.00 | NOTE | |||
r-oldrel-windows-x86_64 | 1.3.0 | 22.00 | 208.00 | 230.00 | NOTE |
Version: 1.3.0
Check: installed package size
Result: NOTE
installed size is 6.1Mb
sub-directories of 1Mb or more:
doc 3.4Mb
help 2.5Mb
Flavors: r-devel-linux-x86_64-fedora-clang, r-devel-windows-x86_64, r-release-macos-arm64, r-release-macos-x86_64, r-release-windows-x86_64, r-oldrel-macos-arm64, r-oldrel-windows-x86_64
Version: 1.2.0
Check: installed package size
Result: NOTE
installed size is 6.1Mb
sub-directories of 1Mb or more:
doc 3.3Mb
help 2.5Mb
Flavor: r-oldrel-macos-x86_64