CRAN Package Check Results for Package GGClassification

Last updated on 2022-12-09 01:50:29 CET.

Flavor Version Tinstall Tcheck Ttotal Status Flags
r-devel-linux-x86_64-debian-clang 0.1 50.70 27.58 78.28 OK
r-devel-linux-x86_64-debian-gcc 0.1 39.14 22.09 61.23 OK
r-devel-linux-x86_64-fedora-clang 0.1 128.13 OK
r-devel-linux-x86_64-fedora-gcc 0.1 114.87 OK
r-devel-windows-x86_64 0.1 105.00 70.00 175.00 OK
r-patched-linux-x86_64 0.1 40.52 28.17 68.69 OK
r-release-linux-x86_64 0.1 39.27 27.67 66.94 OK
r-release-macos-arm64 0.1 31.00 NOTE
r-release-macos-x86_64 0.1 40.00 NOTE
r-release-windows-x86_64 0.1 77.00 77.00 154.00 OK
r-oldrel-macos-arm64 0.1 37.00 NOTE
r-oldrel-macos-x86_64 0.1 62.00 NOTE
r-oldrel-windows-ix86+x86_64 0.1 126.00 79.00 205.00 OK

Check Details

Version: 0.1
Check: installed package size
Result: NOTE
     installed size is 8.6Mb
     sub-directories of 1Mb or more:
     libs 8.5Mb
Flavors: r-release-macos-arm64, r-release-macos-x86_64, r-oldrel-macos-arm64, r-oldrel-macos-x86_64