Last updated on 2023-10-02 05:06:38 CEST.
Flavor | Version | Tinstall | Tcheck | Ttotal | Status | Flags |
---|---|---|---|---|---|---|
r-devel-linux-x86_64-debian-clang | 0.1.0 | 46.47 | 92.28 | 138.75 | OK | |
r-devel-linux-x86_64-debian-gcc | 0.1.0 | 33.38 | 69.47 | 102.85 | OK | |
r-devel-linux-x86_64-fedora-clang | 0.1.0 | 180.92 | OK | |||
r-devel-linux-x86_64-fedora-gcc | 0.1.0 | 180.37 | OK | |||
r-devel-windows-x86_64 | 0.1.0 | 40.00 | 99.00 | 139.00 | OK | |
r-patched-linux-x86_64 | 0.1.0 | 48.41 | 89.93 | 138.34 | OK | |
r-release-linux-x86_64 | 0.1.0 | 47.12 | 89.82 | 136.94 | OK | |
r-release-macos-arm64 | 0.1.0 | 51.00 | OK | |||
r-release-macos-x86_64 | 0.1.0 | 80.00 | OK | |||
r-release-windows-x86_64 | 0.1.0 | 47.00 | 119.00 | 166.00 | OK | |
r-oldrel-macos-arm64 | 0.1.0 | 46.00 | ERROR | |||
r-oldrel-macos-x86_64 | 0.1.0 | 72.00 | ERROR | |||
r-oldrel-windows-x86_64 | 0.1.0 | 48.00 | 116.00 | 164.00 | OK |
Version: 0.1.0
Check: PDF version of manual
Result: WARN
LaTeX errors when creating PDF version.
This typically indicates Rd problems.
LaTeX errors found:
! Undefined control sequence.
<argument> ...s ,C_k)^\top = \mathbf {0}\,\,\text
{and}\,\,\mathcal H_0: \ma...
l.238 ...H} (B_1,\ldots,B_k)^\top = \mathbf{0},}{}
! Undefined control sequence.
<argument> ...\mathbf {C} = \mathbf {0}\,\, \text
{or}\,\,\mathcal H_{0,\ell...
l.249 ...{B} = \mathbf{0}, \,\,\ell=1,\ldots,q,}{}
! Undefined control sequence.
<argument> h_{\ell }^{\top }\pmb
{C}
l.251 ...s \eqn{\mathbf{h_{\ell}^{\top}\pmb{C}}}{}
and
! Undefined control sequence.
<argument> h_{\ell }^{\top }\pmb
{B}
l.252 \eqn{\mathbf{h_{\ell}^{\top}\pmb{B}}}{}
, respectively, are calculated.
! Undefined control sequence.
<argument> h_{\ell }^{\top }\pmb
{C}
l.265 ...r \eqn{\mathbf{h_{\ell}^{\top}\pmb{C}}}{}
and
! Undefined control sequence.
<argument> h_{\ell }^{\top }\pmb
{B}
l.266 for \eqn{\mathbf{h_{\ell}^{\top}\pmb{B}}}{}
, the test statistics and c...
Flavors: r-oldrel-macos-arm64, r-oldrel-macos-x86_64
Version: 0.1.0
Check: PDF version of manual without index
Result: ERROR
Flavors: r-oldrel-macos-arm64, r-oldrel-macos-x86_64