Last updated on 2022-06-28 13:49:58 CEST.
Flavor | Version | Tinstall | Tcheck | Ttotal | Status | Flags |
---|---|---|---|---|---|---|
r-devel-linux-x86_64-debian-clang | 0.3.3 | 5.49 | 75.51 | 81.00 | NOTE | |
r-devel-linux-x86_64-debian-gcc | 0.3.3 | 5.38 | 56.19 | 61.57 | NOTE | |
r-devel-linux-x86_64-fedora-clang | 0.3.3 | 109.56 | NOTE | |||
r-devel-linux-x86_64-fedora-gcc | 0.3.3 | 109.01 | NOTE | |||
r-devel-windows-x86_64 | 0.3.3 | 18.00 | 100.00 | 118.00 | OK | |
r-patched-linux-x86_64 | 0.3.3 | 5.93 | 72.09 | 78.02 | NOTE | |
r-release-linux-x86_64 | 0.3.3 | 7.22 | 71.72 | 78.94 | NOTE | |
r-release-macos-arm64 | 0.3.3 | 29.00 | NOTE | |||
r-release-macos-x86_64 | 0.3.3 | 67.00 | NOTE | |||
r-release-windows-x86_64 | 0.3.3 | 17.00 | 107.00 | 124.00 | OK | |
r-oldrel-macos-arm64 | 0.3.3 | 27.00 | NOTE | |||
r-oldrel-macos-x86_64 | 0.3.3 | 42.00 | OK | |||
r-oldrel-windows-ix86+x86_64 | 0.3.3 | 17.00 | 98.00 | 115.00 | OK |
Version: 0.3.3
Check: package dependencies
Result: NOTE
Package suggested but not available for checking: 'RGtk2'
Flavors: r-devel-linux-x86_64-debian-clang, r-devel-linux-x86_64-debian-gcc, r-devel-linux-x86_64-fedora-clang, r-devel-linux-x86_64-fedora-gcc, r-patched-linux-x86_64, r-release-linux-x86_64, r-release-macos-arm64, r-release-macos-x86_64, r-oldrel-macos-arm64