CRAN Package Check Results for Package GENMETA

Last updated on 2022-11-26 23:00:05 CET.

Flavor Version Tinstall Tcheck Ttotal Status Flags
r-devel-linux-x86_64-debian-clang 0.1 9.12 72.35 81.47 NOTE
r-devel-linux-x86_64-debian-gcc 0.1 6.86 54.48 61.34 NOTE
r-devel-linux-x86_64-fedora-clang 0.1 111.55 NOTE
r-devel-linux-x86_64-fedora-gcc 0.1 107.74 NOTE
r-devel-windows-x86_64 0.1 14.00 91.00 105.00 NOTE
r-patched-linux-x86_64 0.1 NOTE
r-release-linux-x86_64 0.1 9.85 69.33 79.18 NOTE
r-release-macos-arm64 0.1 30.00 NOTE
r-release-macos-x86_64 0.1 43.00 NOTE
r-release-windows-x86_64 0.1 16.00 95.00 111.00 NOTE
r-oldrel-macos-arm64 0.1 35.00 NOTE
r-oldrel-macos-x86_64 0.1 59.00 NOTE
r-oldrel-windows-ix86+x86_64 0.1 20.00 89.00 109.00 NOTE

Check Details

Version: 0.1
Check: LazyData
Result: NOTE
     'LazyData' is specified without a 'data' directory
Flavors: r-devel-linux-x86_64-debian-clang, r-devel-linux-x86_64-debian-gcc, r-devel-linux-x86_64-fedora-clang, r-devel-linux-x86_64-fedora-gcc, r-devel-windows-x86_64, r-patched-linux-x86_64, r-release-linux-x86_64, r-release-macos-arm64, r-release-macos-x86_64, r-release-windows-x86_64, r-oldrel-macos-arm64, r-oldrel-macos-x86_64, r-oldrel-windows-ix86+x86_64