Last updated on 2023-12-11 06:48:22 CET.
Flavor | Version | Tinstall | Tcheck | Ttotal | Status | Flags |
---|---|---|---|---|---|---|
r-devel-linux-x86_64-debian-clang | 2.9.4 | 279.44 | 129.73 | 409.17 | NOTE | |
r-devel-linux-x86_64-debian-gcc | 2.9.4 | 177.37 | 95.81 | 273.18 | NOTE | |
r-devel-linux-x86_64-fedora-clang | 2.9.4 | 575.95 | OK | |||
r-devel-linux-x86_64-fedora-gcc | 2.9.4 | 587.30 | OK | |||
r-devel-windows-x86_64 | 2.9.4 | 198.00 | 142.00 | 340.00 | OK | |
r-patched-linux-x86_64 | 2.9.4 | 183.59 | 125.93 | 309.52 | OK | |
r-release-linux-x86_64 | 2.9.4 | 186.30 | 124.12 | 310.42 | OK | |
r-release-macos-arm64 | 2.9.4 | 103.00 | NOTE | |||
r-release-macos-x86_64 | 2.9.4 | 181.00 | NOTE | |||
r-release-windows-x86_64 | 2.9.4 | 260.00 | 170.00 | 430.00 | OK | |
r-oldrel-macos-arm64 | 2.9.4 | 102.00 | NOTE | |||
r-oldrel-macos-x86_64 | 2.9.4 | 154.00 | NOTE | |||
r-oldrel-windows-x86_64 | 2.9.4 | 245.00 | 158.00 | 403.00 | OK |
Version: 2.9.4
Check: Rd files
Result: NOTE
checkRd: (-1) GMSCDM.Rd:25: Lost braces; missing escapes or markup?
25 | representing restricted GMS-DINA and GMS-DINO models where delta_{jm1} are equal for all strategies. Note that only a single model can be used
| ^
Flavors: r-devel-linux-x86_64-debian-clang, r-devel-linux-x86_64-debian-gcc
Version: 2.9.4
Check: installed package size
Result: NOTE
installed size is 12.9Mb
sub-directories of 1Mb or more:
libs 11.9Mb
Flavors: r-release-macos-arm64, r-release-macos-x86_64, r-oldrel-macos-arm64, r-oldrel-macos-x86_64