CRAN Package Check Results for Package GDINA

Last updated on 2020-09-24 06:54:04 CEST.

Flavor Version Tinstall Tcheck Ttotal Status Flags
r-devel-linux-x86_64-debian-clang 2.8.0 252.19 103.78 355.97 OK
r-devel-linux-x86_64-debian-gcc 2.8.0 191.61 77.96 269.57 OK
r-devel-linux-x86_64-fedora-clang 2.8.0 495.92 NOTE
r-devel-linux-x86_64-fedora-gcc 2.8.0 483.42 OK
r-devel-windows-ix86+x86_64 2.8.0 580.00 175.00 755.00 OK
r-patched-linux-x86_64 2.8.0 196.01 96.09 292.10 OK
r-patched-solaris-x86 2.8.0 382.00 OK
r-release-linux-x86_64 2.8.0 199.87 96.10 295.97 OK
r-release-macos-x86_64 2.8.0 NOTE
r-release-windows-ix86+x86_64 2.8.0 503.00 175.00 678.00 OK
r-oldrel-macos-x86_64 2.8.0 NOTE
r-oldrel-windows-ix86+x86_64 2.8.0 384.00 120.00 504.00 OK

Check Details

Version: 2.8.0
Check: installed package size
Result: NOTE
     installed size is 15.5Mb
     sub-directories of 1Mb or more:
     libs 14.5Mb
Flavors: r-devel-linux-x86_64-fedora-clang, r-release-macos-x86_64, r-oldrel-macos-x86_64