CRAN Package Check Results for Package GDINA

Last updated on 2019-11-18 23:51:22 CET.

Flavor Version Tinstall Tcheck Ttotal Status Flags
r-devel-linux-x86_64-debian-clang 2.7.3 228.81 89.53 318.34 OK
r-devel-linux-x86_64-debian-gcc 2.7.3 170.18 69.96 240.14 OK
r-devel-linux-x86_64-fedora-clang 2.7.3 435.92 NOTE
r-devel-linux-x86_64-fedora-gcc 2.7.3 439.11 OK
r-devel-windows-ix86+x86_64 2.7.3 575.00 182.00 757.00 OK
r-patched-linux-x86_64 2.7.3 183.45 83.74 267.19 OK
r-patched-solaris-x86 2.7.3 355.90 OK
r-release-linux-x86_64 2.7.3 180.97 84.11 265.08 OK
r-release-windows-ix86+x86_64 2.7.3 369.00 179.00 548.00 OK
r-release-osx-x86_64 2.7.3 NOTE
r-oldrel-windows-ix86+x86_64 2.7.3 332.00 112.00 444.00 WARN
r-oldrel-osx-x86_64 2.7.3 NOTE

Check Details

Version: 2.7.3
Check: installed package size
Result: NOTE
     installed size is 14.0Mb
     sub-directories of 1Mb or more:
     libs 13.1Mb
Flavors: r-devel-linux-x86_64-fedora-clang, r-release-osx-x86_64, r-oldrel-osx-x86_64

Version: 2.7.3
Check: whether package can be installed
Result: WARN
    Found the following significant warnings:
     Warning: S3 methods '[.fun_list', '[.grouped_df', 'all.equal.tbl_df', 'anti_join.data.frame', 'anti_join.tbl_df', 'arrange.data.frame', 'arrange.default', 'arrange.grouped_df', 'arrange.tbl_df', 'arrange_.data.frame', 'arrange_.tbl_df', 'as.data.frame.grouped_df', 'as.data.frame.rowwise_df', 'as.data.frame.tbl_cube', 'as.table.tbl_cube', 'as.tbl.data.frame', 'as.tbl.tbl', 'as.tbl_cube.array', 'as.tbl_cube.data.frame', 'as.tbl_cube.matrix', 'as.tbl_cube.table', 'as_tibble.grouped_df', 'as_tibble.tbl_cube', 'auto_copy.tbl_cube', 'auto_copy.tbl_df', 'cbind.grouped_df', 'collapse.data.frame', 'collect.data.frame', 'common_by.NULL', 'common_by.character', 'common_by.default', 'common_by.list', 'compute.data.frame', 'copy_to.DBIConnection', 'copy_to.src_local', 'default_missing.data.frame', 'default_missing.default', 'dim.tbl_cube', 'distinct.data.frame', 'distinct.default', 'distinct.grouped_df', 'distinct.tbl_df', 'distinct_.data.frame', 'distinct_.grouped_df', 'distinct_.tbl_df', 'do.NULL', 'do.da [... truncated]
Flavor: r-oldrel-windows-ix86+x86_64