CRAN Package Check Results for Package GDELTtools

Last updated on 2024-06-13 08:53:35 CEST.

Flavor Version Tinstall Tcheck Ttotal Status Flags
r-devel-linux-x86_64-debian-clang 1.7 4.77 50.34 55.11 OK
r-devel-linux-x86_64-debian-gcc 1.7 0.34 1.71 2.05 ERROR
r-devel-linux-x86_64-fedora-clang 1.7 68.86 OK
r-devel-linux-x86_64-fedora-gcc 1.7 65.52 OK
r-devel-windows-x86_64 1.7 6.00 62.00 68.00 OK
r-patched-linux-x86_64 1.7 5.14 47.83 52.97 OK
r-release-linux-x86_64 1.7 5.56 47.32 52.88 OK
r-release-macos-arm64 1.7 24.00 OK
r-release-macos-x86_64 1.7 37.00 OK
r-release-windows-x86_64 1.7 7.00 40.00 47.00 WARN
r-oldrel-macos-arm64 1.7 27.00 OK
r-oldrel-macos-x86_64 1.7 52.00 OK
r-oldrel-windows-x86_64 1.7 7.00 63.00 70.00 OK

Check Details

Version: 1.7
Check: package dependencies
Result: ERROR Packages required but not available: 'dplyr', 'stringr' Package suggested but not available for checking: ‘testthat’ See section ‘The DESCRIPTION file’ in the ‘Writing R Extensions’ manual. Flavor: r-devel-linux-x86_64-debian-gcc

Version: 1.7
Check: whether the namespace can be loaded with stated dependencies
Result: WARN Error : memory exhausted Error: unable to load R code in package 'datetimeutils' Execution halted A namespace must be able to be loaded with just the base namespace loaded: otherwise if the namespace gets loaded by a saved object, the session will be unable to start. Probably some imports need to be declared in the NAMESPACE file. Flavor: r-release-windows-x86_64

Version: 1.7
Check: whether the namespace can be unloaded cleanly
Result: WARN
Flavor: r-release-windows-x86_64