CRAN Package Check Results for Package GD

Last updated on 2020-08-12 21:49:40 CEST.

Flavor Version Tinstall Tcheck Ttotal Status Flags
r-devel-linux-x86_64-debian-clang 1.9 4.50 29.91 34.41 OK
r-devel-linux-x86_64-debian-gcc 1.9 3.80 23.12 26.92 OK
r-devel-linux-x86_64-fedora-clang 1.9 49.27 NOTE
r-devel-linux-x86_64-fedora-gcc 1.9 40.54 NOTE
r-devel-windows-ix86+x86_64 1.9 26.00 56.00 82.00 OK
r-patched-linux-x86_64 1.9 3.85 29.61 33.46 OK
r-patched-solaris-x86 1.9 57.10 NOTE
r-release-linux-x86_64 1.9 2.91 29.53 32.44 OK
r-release-macos-x86_64 1.9 NOTE
r-release-windows-ix86+x86_64 1.9 12.00 59.00 71.00 OK
r-oldrel-macos-x86_64 1.9 NOTE
r-oldrel-windows-ix86+x86_64 1.9 7.00 43.00 50.00 OK

Check Details

Version: 1.9
Check: dependencies in R code
Result: NOTE
    Namespace in Imports field not imported from: ‘badger’
     All declared Imports should be used.
Flavors: r-devel-linux-x86_64-fedora-clang, r-devel-linux-x86_64-fedora-gcc, r-patched-solaris-x86, r-release-macos-x86_64, r-oldrel-macos-x86_64