CRAN Package Check Results for Package GD

Last updated on 2024-02-25 08:53:02 CET.

Flavor Version Tinstall Tcheck Ttotal Status Flags
r-devel-linux-x86_64-debian-clang 10.3 5.26 45.32 50.58 OK
r-devel-linux-x86_64-debian-gcc 10.3 4.80 34.52 39.32 OK
r-devel-linux-x86_64-fedora-clang 10.3 62.99 OK
r-devel-linux-x86_64-fedora-gcc 10.3 71.90 OK
r-devel-windows-x86_64 10.3 6.00 56.00 62.00 OK
r-patched-linux-x86_64 10.3 4.19 44.73 48.92 OK
r-release-linux-x86_64 10.3 4.89 43.16 48.05 OK
r-release-macos-arm64 10.3 37.00 OK
r-release-macos-x86_64 10.3 96.00 OK
r-release-windows-x86_64 10.3 8.00 62.00 70.00 OK
r-oldrel-macos-arm64 1.10 21.00 NOTE
r-oldrel-windows-x86_64 1.10 7.00 54.00 61.00 OK

Check Details

Version: 1.10
Check: dependencies in R code
Result: NOTE Namespace in Imports field not imported from: ‘badger’ All declared Imports should be used. Flavor: r-oldrel-macos-arm64