Last updated on 2023-01-30 23:56:19 CET.
Flavor | Version | Tinstall | Tcheck | Ttotal | Status | Flags |
---|---|---|---|---|---|---|
r-devel-linux-x86_64-debian-clang | 1.10 | 4.88 | 34.14 | 39.02 | OK | |
r-devel-linux-x86_64-debian-gcc | 1.10 | 2.66 | 25.72 | 28.38 | OK | |
r-devel-linux-x86_64-fedora-clang | 1.10 | 55.58 | NOTE | |||
r-devel-linux-x86_64-fedora-gcc | 1.10 | 66.88 | NOTE | |||
r-devel-windows-x86_64 | 1.10 | 26.00 | 65.00 | 91.00 | OK | |
r-patched-linux-x86_64 | 1.10 | 4.76 | 33.69 | 38.45 | OK | |
r-release-linux-x86_64 | 1.10 | 4.97 | 33.46 | 38.43 | OK | |
r-release-macos-arm64 | 1.10 | 21.00 | NOTE | |||
r-release-macos-x86_64 | 1.10 | 40.00 | NOTE | |||
r-release-windows-x86_64 | 1.10 | 23.00 | 90.00 | 113.00 | OK | |
r-oldrel-macos-arm64 | 1.10 | 26.00 | NOTE | |||
r-oldrel-macos-x86_64 | 1.10 | 31.00 | NOTE | |||
r-oldrel-windows-ix86+x86_64 | 1.10 | 11.00 | 63.00 | 74.00 | OK |
Version: 1.10
Check: dependencies in R code
Result: NOTE
Namespace in Imports field not imported from: ‘badger’
All declared Imports should be used.
Flavors: r-devel-linux-x86_64-fedora-clang, r-devel-linux-x86_64-fedora-gcc, r-release-macos-arm64, r-release-macos-x86_64, r-oldrel-macos-arm64, r-oldrel-macos-x86_64