CRAN Package Check Results for Package GCSM

Last updated on 2023-06-05 12:57:05 CEST.

Flavor Version Tinstall Tcheck Ttotal Status Flags
r-devel-linux-x86_64-debian-clang 0.1.1 106.83 29.94 136.77 NOTE
r-devel-linux-x86_64-debian-gcc 0.1.1 85.25 23.09 108.34 NOTE
r-devel-linux-x86_64-fedora-clang 0.1.1 203.96 NOTE
r-devel-linux-x86_64-fedora-gcc 0.1.1 208.88 NOTE
r-devel-windows-x86_64 0.1.1 77.00 65.00 142.00 NOTE
r-patched-linux-x86_64 0.1.1 89.53 28.96 118.49 NOTE
r-release-linux-x86_64 0.1.1 87.10 28.25 115.35 NOTE
r-release-macos-arm64 0.1.1 50.00 NOTE
r-release-macos-x86_64 0.1.1 85.00 NOTE
r-release-windows-x86_64 0.1.1 102.00 71.00 173.00 NOTE
r-oldrel-macos-arm64 0.1.1 45.00 OK
r-oldrel-macos-x86_64 0.1.1 57.00 OK
r-oldrel-windows-x86_64 0.1.1 97.00 72.00 169.00 OK

Check Details

Version: 0.1.1
Check: C++ specification
Result: NOTE
     Specified C++11: please drop specification unless essential
Flavors: r-devel-linux-x86_64-debian-clang, r-devel-linux-x86_64-debian-gcc, r-devel-linux-x86_64-fedora-clang, r-devel-linux-x86_64-fedora-gcc, r-devel-windows-x86_64, r-patched-linux-x86_64, r-release-linux-x86_64, r-release-macos-arm64, r-release-macos-x86_64, r-release-windows-x86_64