CRAN Package Check Results for Package GCPBayes

Last updated on 2022-06-28 17:50:49 CEST.

Flavor Version Tinstall Tcheck Ttotal Status Flags
r-devel-linux-x86_64-debian-clang 3.1.0 4.45 58.46 62.91 OK
r-devel-linux-x86_64-debian-gcc 3.1.0 3.08 43.20 46.28 OK
r-devel-linux-x86_64-fedora-clang 3.1.0 84.85 WARN
r-devel-linux-x86_64-fedora-gcc 3.1.0 45.45 WARN
r-devel-windows-x86_64 3.1.0 23.00 100.00 123.00 OK
r-patched-linux-x86_64 3.1.0 4.75 56.71 61.46 OK
r-release-linux-x86_64 3.1.0 3.62 56.45 60.07 OK
r-release-macos-arm64 3.1.0 26.00 NOTE
r-release-macos-x86_64 3.1.0 43.00 NOTE
r-release-windows-x86_64 3.1.0 21.00 84.00 105.00 OK
r-oldrel-macos-arm64 3.1.0 28.00 NOTE
r-oldrel-macos-x86_64 3.1.0 36.00 NOTE
r-oldrel-windows-ix86+x86_64 3.1.0 10.00 77.00 87.00 OK

Check Details

Version: 3.1.0
Check: package dependencies
Result: WARN
    Requires (indirectly) orphaned package: ‘gtools’
Flavors: r-devel-linux-x86_64-fedora-clang, r-devel-linux-x86_64-fedora-gcc

Version: 3.1.0
Check: dependencies in R code
Result: NOTE
    Namespaces in Imports field not imported from:
     ‘Rcpp’ ‘arm’ ‘usethis’
     All declared Imports should be used.
Flavors: r-devel-linux-x86_64-fedora-clang, r-devel-linux-x86_64-fedora-gcc, r-release-macos-arm64, r-release-macos-x86_64, r-oldrel-macos-arm64, r-oldrel-macos-x86_64