Last updated on 2023-12-11 05:51:53 CET.
Flavor | Version | Tinstall | Tcheck | Ttotal | Status | Flags |
---|---|---|---|---|---|---|
r-devel-linux-x86_64-debian-clang | 4.0.7 | 1.42 | 39.81 | 41.23 | NOTE | |
r-devel-linux-x86_64-debian-gcc | 4.0.7 | 1.61 | 30.84 | 32.45 | NOTE | |
r-devel-linux-x86_64-fedora-clang | 4.0.7 | 54.23 | NOTE | |||
r-devel-linux-x86_64-fedora-gcc | 4.0.7 | 53.01 | NOTE | |||
r-devel-windows-x86_64 | 4.0.7 | 3.00 | 53.00 | 56.00 | NOTE | |
r-patched-linux-x86_64 | 4.0.7 | 1.91 | 39.44 | 41.35 | NOTE | |
r-release-linux-x86_64 | 4.0.7 | 1.74 | 39.52 | 41.26 | NOTE | |
r-release-macos-arm64 | 4.0.7 | 21.00 | NOTE | |||
r-release-macos-x86_64 | 4.0.7 | 33.00 | NOTE | |||
r-release-windows-x86_64 | 4.0.7 | 4.00 | 57.00 | 61.00 | NOTE | |
r-oldrel-macos-arm64 | 4.0.7 | 25.00 | OK | |||
r-oldrel-macos-x86_64 | 4.0.7 | 29.00 | NOTE | |||
r-oldrel-windows-x86_64 | 4.0.7 | 4.00 | 58.00 | 62.00 | NOTE |
Version: 4.0.7
Check: package dependencies
Result: NOTE
Package suggested but not available for checking: ‘paleofire’
Flavors: r-devel-linux-x86_64-debian-clang, r-devel-linux-x86_64-debian-gcc, r-devel-linux-x86_64-fedora-clang, r-devel-linux-x86_64-fedora-gcc, r-devel-windows-x86_64, r-patched-linux-x86_64, r-release-linux-x86_64, r-release-macos-arm64, r-release-macos-x86_64, r-release-windows-x86_64, r-oldrel-windows-x86_64
Version: 4.0.7
Check: dependencies in R code
Result: NOTE
Namespace in Imports field not imported from: ‘raster’
All declared Imports should be used.
Flavors: r-devel-linux-x86_64-fedora-clang, r-devel-linux-x86_64-fedora-gcc, r-oldrel-macos-x86_64
Version: 4.0.7
Check: data for non-ASCII characters
Result: NOTE
Note: found 103 marked UTF-8 strings
Flavors: r-devel-linux-x86_64-fedora-clang, r-devel-linux-x86_64-fedora-gcc, r-oldrel-macos-x86_64