CRAN Package Check Results for Package GAparsimony

Last updated on 2025-01-22 10:48:45 CET.

Flavor Version Tinstall Tcheck Ttotal Status Flags
r-devel-linux-x86_64-debian-clang 0.9.5 3.72 27.02 30.74 OK
r-devel-linux-x86_64-debian-gcc 0.9.5 2.72 20.45 23.17 OK
r-devel-linux-x86_64-fedora-clang 0.9.5 52.77 OK
r-devel-linux-x86_64-fedora-gcc 0.9.5 46.56 OK
r-devel-windows-x86_64 0.9.5 5.00 48.00 53.00 OK
r-patched-linux-x86_64 0.9.5 3.90 25.27 29.17 OK
r-release-linux-x86_64 0.9.5 3.52 25.51 29.03 OK
r-release-macos-arm64 0.9.5 18.00 OK
r-release-macos-x86_64 0.9.5 34.00 OK
r-release-windows-x86_64 0.9.5 4.00 49.00 53.00 OK
r-oldrel-macos-arm64 0.9.5 21.00 OK
r-oldrel-macos-x86_64 0.9.5 27.00 NOTE
r-oldrel-windows-x86_64 0.9.5 6.00 53.00 59.00 OK

Check Details

Version: 0.9.5
Check: package dependencies
Result: NOTE Package suggested but not available for checking: ‘caret’ Flavor: r-oldrel-macos-x86_64