CRAN Package Check Results for Package GALLO

Last updated on 2020-10-27 18:51:22 CET.

Flavor Version Tinstall Tcheck Ttotal Status Flags
r-devel-linux-x86_64-debian-clang 1.0 9.02 112.03 121.05 OK
r-devel-linux-x86_64-debian-gcc 1.0 7.34 78.97 86.31 OK
r-devel-linux-x86_64-fedora-clang 1.0 169.66 NOTE
r-devel-linux-x86_64-fedora-gcc 1.0 150.93 NOTE
r-devel-windows-ix86+x86_64 1.0 18.00 129.00 147.00 NOTE
r-patched-linux-x86_64 1.0 OK
r-patched-solaris-x86 1.0 141.30 WARN
r-release-linux-x86_64 1.0 7.84 102.09 109.93 OK
r-release-macos-x86_64 1.0 WARN
r-release-windows-ix86+x86_64 1.0 13.00 68.00 81.00 WARN
r-oldrel-macos-x86_64 1.0 ERROR
r-oldrel-windows-ix86+x86_64 0.99.0 15.00 93.00 108.00 WARN

Check Details

Version: 1.0
Check: installed package size
Result: NOTE
     installed size is 5.8Mb
     sub-directories of 1Mb or more:
     data 1.9Mb
     doc 3.2Mb
Flavors: r-devel-linux-x86_64-fedora-clang, r-devel-windows-ix86+x86_64, r-patched-solaris-x86, r-release-macos-x86_64, r-release-windows-ix86+x86_64

Version: 1.0
Check: dependencies in R code
Result: NOTE
    Namespace in Imports field not imported from: ‘DT’
     All declared Imports should be used.
Flavors: r-devel-linux-x86_64-fedora-clang, r-devel-linux-x86_64-fedora-gcc, r-patched-solaris-x86, r-release-macos-x86_64

Version: 1.0
Check: re-building of vignette outputs
Result: WARN
    Error(s) in re-building vignettes:
     ...
    --- re-building ‘GALLO.Rmd’ using rmarkdown
    Warning in engine$weave(file, quiet = quiet, encoding = enc) :
     Pandoc (>= 1.12.3) and/or pandoc-citeproc not available. Falling back to R Markdown v1.
    Quitting from lines 53-67 (GALLO.Rmd)
    Error: processing vignette 'GALLO.Rmd' failed with diagnostics:
    there is no package called 'webshot'
    --- failed re-building ‘GALLO.Rmd’
    
    SUMMARY: processing the following file failed:
     ‘GALLO.Rmd’
    
    Error: Vignette re-building failed.
    Execution halted
Flavor: r-patched-solaris-x86

Version: 1.0
Check: re-building of vignette outputs
Result: WARN
    Error(s) in re-building vignettes:
     ...
    --- re-building ‘GALLO.Rmd’ using rmarkdown
    Warning in engine$weave(file, quiet = quiet, encoding = enc) :
     Pandoc (>= 1.12.3) and/or pandoc-citeproc not available. Falling back to R Markdown v1.
    Quitting from lines 53-67 (GALLO.Rmd)
    Error: processing vignette 'GALLO.Rmd' failed with diagnostics:
    cannot open the connection
    --- failed re-building ‘GALLO.Rmd’
    
    SUMMARY: processing the following file failed:
     ‘GALLO.Rmd’
    
    Error: Vignette re-building failed.
    Execution halted
Flavor: r-release-macos-x86_64

Version: 1.0
Check: re-building of vignette outputs
Result: WARN
    Error(s) in re-building vignettes:
    --- re-building 'GALLO.Rmd' using rmarkdown
    Quitting from lines 44-49 (GALLO.Rmd)
    Error: processing vignette 'GALLO.Rmd' failed with diagnostics:
    argument is of length zero
    --- failed re-building 'GALLO.Rmd'
    
    SUMMARY: processing the following file failed:
     'GALLO.Rmd'
    
    Error: Vignette re-building failed.
    Execution halted
Flavor: r-release-windows-ix86+x86_64

Version: 1.0
Check: package dependencies
Result: NOTE
    Package suggested but not available for checking: ‘BiocStyle’
Flavor: r-oldrel-macos-x86_64

Version: 1.0
Check: whether package can be installed
Result: ERROR
    Installation failed.
Flavor: r-oldrel-macos-x86_64

Version: 0.99.0
Check: installed package size
Result: NOTE
     installed size is 5.7Mb
     sub-directories of 1Mb or more:
     data 1.9Mb
     doc 3.2Mb
Flavor: r-oldrel-windows-ix86+x86_64

Version: 0.99.0
Check: re-building of vignette outputs
Result: WARN
    Error(s) in re-building vignettes:
    --- re-building 'GALLO.Rmd' using rmarkdown
    Quitting from lines 32-36 (GALLO.Rmd)
    Error: processing vignette 'GALLO.Rmd' failed with diagnostics:
    argument is of length zero
    --- failed re-building 'GALLO.Rmd'
    
    SUMMARY: processing the following file failed:
     'GALLO.Rmd'
    
    Error: Vignette re-building failed.
    Execution halted
Flavor: r-oldrel-windows-ix86+x86_64