CRAN Package Check Results for Package GABi

Last updated on 2019-06-18 22:01:45 CEST.

Flavor Version Tinstall Tcheck Ttotal Status Flags
r-devel-linux-x86_64-debian-clang 0.1 2.50 23.28 25.78 NOTE
r-devel-linux-x86_64-debian-gcc 0.1 1.74 19.04 20.78 NOTE
r-devel-linux-x86_64-fedora-clang 0.1 31.33 NOTE
r-devel-linux-x86_64-fedora-gcc 0.1 29.87 NOTE
r-devel-windows-ix86+x86_64 0.1 8.00 47.00 55.00 NOTE
r-patched-linux-x86_64 0.1 2.37 22.86 25.23 NOTE
r-patched-solaris-x86 0.1 49.40 NOTE
r-release-linux-x86_64 0.1 2.22 23.15 25.37 NOTE
r-release-windows-ix86+x86_64 0.1 8.00 44.00 52.00 NOTE
r-release-osx-x86_64 0.1 NOTE
r-oldrel-windows-ix86+x86_64 0.1 3.00 46.00 49.00 NOTE
r-oldrel-osx-x86_64 0.1 NOTE

Check Details

Version: 0.1
Check: R code for possible problems
Result: NOTE
    crossover: no visible global function definition for 'runif'
    exchangeSols: no visible global function definition for 'runif'
    fps: no visible global function definition for 'runif'
    mutation: no visible global function definition for 'runif'
    plotBicluster: no visible global function definition for 'gray'
    plotBicluster: no visible global function definition for 'heatmap'
    reproduction: no visible global function definition for 'runif'
    Undefined global functions or variables:
     gray heatmap runif
    Consider adding
     importFrom("grDevices", "gray")
     importFrom("stats", "heatmap", "runif")
    to your NAMESPACE file.
Flavors: r-devel-linux-x86_64-debian-clang, r-devel-linux-x86_64-debian-gcc, r-devel-linux-x86_64-fedora-clang, r-devel-linux-x86_64-fedora-gcc, r-devel-windows-ix86+x86_64, r-patched-linux-x86_64, r-patched-solaris-x86, r-release-linux-x86_64, r-release-windows-ix86+x86_64, r-release-osx-x86_64, r-oldrel-windows-ix86+x86_64, r-oldrel-osx-x86_64

Version: 0.1
Check: package dependencies
Result: NOTE
    Package suggested but not available for checking: ‘ArrayBin’
Flavor: r-release-osx-x86_64