CRAN Package Check Results for Package GABi

Last updated on 2019-09-22 21:47:36 CEST.

Flavor Version Tinstall Tcheck Ttotal Status Flags
r-devel-linux-x86_64-debian-clang 0.1 2.58 22.53 25.11 NOTE
r-devel-linux-x86_64-debian-gcc 0.1 2.21 18.51 20.72 NOTE
r-devel-linux-x86_64-fedora-clang 0.1 31.26 NOTE
r-devel-linux-x86_64-fedora-gcc 0.1 30.43 NOTE
r-devel-windows-ix86+x86_64 0.1 7.00 53.00 60.00 NOTE
r-patched-linux-x86_64 0.1 2.40 22.34 24.74 NOTE
r-patched-solaris-x86 0.1 46.90 NOTE
r-release-linux-x86_64 0.1 2.08 22.32 24.40 NOTE
r-release-windows-ix86+x86_64 0.1 9.00 52.00 61.00 NOTE
r-release-osx-x86_64 0.1 NOTE
r-oldrel-windows-ix86+x86_64 0.1 3.00 36.00 39.00 NOTE
r-oldrel-osx-x86_64 0.1 NOTE

Check Details

Version: 0.1
Check: R code for possible problems
Result: NOTE
    crossover: no visible global function definition for 'runif'
    exchangeSols: no visible global function definition for 'runif'
    fps: no visible global function definition for 'runif'
    mutation: no visible global function definition for 'runif'
    plotBicluster: no visible global function definition for 'gray'
    plotBicluster: no visible global function definition for 'heatmap'
    reproduction: no visible global function definition for 'runif'
    Undefined global functions or variables:
     gray heatmap runif
    Consider adding
     importFrom("grDevices", "gray")
     importFrom("stats", "heatmap", "runif")
    to your NAMESPACE file.
Flavors: r-devel-linux-x86_64-debian-clang, r-devel-linux-x86_64-debian-gcc, r-devel-linux-x86_64-fedora-clang, r-devel-linux-x86_64-fedora-gcc, r-devel-windows-ix86+x86_64, r-patched-linux-x86_64, r-patched-solaris-x86, r-release-linux-x86_64, r-release-windows-ix86+x86_64, r-release-osx-x86_64, r-oldrel-windows-ix86+x86_64, r-oldrel-osx-x86_64

Version: 0.1
Check: package dependencies
Result: NOTE
    Package suggested but not available for checking: ‘ArrayBin’
Flavor: r-release-osx-x86_64