CRAN Package Check Results for Package GA

Last updated on 2019-05-24 02:53:42 CEST.

Flavor Version Tinstall Tcheck Ttotal Status Flags
r-devel-linux-x86_64-debian-clang 3.2 44.73 69.89 114.62 OK
r-devel-linux-x86_64-debian-gcc 3.2 33.32 52.45 85.77 OK
r-devel-linux-x86_64-fedora-clang 3.2 152.75 NOTE
r-devel-linux-x86_64-fedora-gcc 3.2 137.60 OK
r-devel-windows-ix86+x86_64 3.2 80.00 109.00 189.00 OK
r-patched-linux-x86_64 3.2 39.32 68.58 107.90 OK
r-patched-solaris-x86 3.2 167.60 OK
r-release-linux-x86_64 3.2 39.55 68.76 108.31 OK
r-release-windows-ix86+x86_64 3.2 99.00 139.00 238.00 OK
r-release-osx-x86_64 3.2 NOTE
r-oldrel-windows-ix86+x86_64 3.2 70.00 94.00 164.00 OK
r-oldrel-osx-x86_64 3.2 NOTE

Check Details

Version: 3.2
Check: installed package size
Result: NOTE
     installed size is 5.6Mb
     sub-directories of 1Mb or more:
     doc 1.7Mb
     libs 3.3Mb
Flavors: r-devel-linux-x86_64-fedora-clang, r-release-osx-x86_64, r-oldrel-osx-x86_64