CRAN Package Check Results for Package G2Sd

Last updated on 2019-09-21 17:46:50 CEST.

Flavor Version Tinstall Tcheck Ttotal Status Flags
r-devel-linux-x86_64-debian-clang 2.1.5 10.16 87.15 97.31 OK
r-devel-linux-x86_64-debian-gcc 2.1.5 9.07 67.11 76.18 OK
r-devel-linux-x86_64-fedora-clang 2.1.5 123.16 OK
r-devel-linux-x86_64-fedora-gcc 2.1.5 112.94 OK
r-devel-windows-ix86+x86_64 2.1.5 21.00 7.00 28.00 ERROR
r-patched-linux-x86_64 2.1.5 10.27 84.24 94.51 OK
r-patched-solaris-x86 2.1.5 133.70 OK
r-release-linux-x86_64 2.1.5 10.09 85.32 95.41 OK
r-release-windows-ix86+x86_64 2.1.5 17.00 80.00 97.00 OK
r-release-osx-x86_64 2.1.5 OK
r-oldrel-windows-ix86+x86_64 2.1.5 11.00 79.00 90.00 OK
r-oldrel-osx-x86_64 2.1.5 OK

Check Details

Version: 2.1.5
Check: whether package can be installed
Result: ERROR
    Installation failed.
Flavor: r-devel-windows-ix86+x86_64