CRAN Package Check Results for Package FuzzyR

Last updated on 2020-02-22 17:47:26 CET.

Flavor Version Tinstall Tcheck Ttotal Status Flags
r-devel-linux-x86_64-debian-clang 2.3 8.94 66.17 75.11 OK
r-devel-linux-x86_64-debian-gcc 2.3 8.14 49.03 57.17 OK
r-devel-linux-x86_64-fedora-clang 2.3 89.14 OK
r-devel-linux-x86_64-fedora-gcc 2.3 85.88 OK
r-devel-windows-ix86+x86_64 2.3 14.00 82.00 96.00 OK
r-devel-windows-ix86+x86_64-gcc8 2.3 26.00 101.00 127.00 OK
r-patched-linux-x86_64 2.3 OK
r-patched-solaris-x86 2.3 104.80 OK
r-release-linux-x86_64 2.3 8.20 57.36 65.56 OK
r-release-windows-ix86+x86_64 2.3 13.00 73.00 86.00 OK
r-release-osx-x86_64 2.3 OK
r-oldrel-windows-ix86+x86_64 2.1 9.00 91.00 100.00 OK
r-oldrel-osx-x86_64 2.3 ERROR

Check Details

Version: 2.3
Check: whether package can be installed
Result: ERROR
    Installation failed.
Flavor: r-oldrel-osx-x86_64