Last updated on 2023-03-30 11:54:26 CEST.
Flavor | Version | Tinstall | Tcheck | Ttotal | Status | Flags |
---|---|---|---|---|---|---|
r-devel-linux-x86_64-debian-clang | 0.1.4 | 5.78 | 47.33 | 53.11 | OK | |
r-devel-linux-x86_64-debian-gcc | 0.1.4 | 3.75 | 35.76 | 39.51 | OK | |
r-devel-linux-x86_64-fedora-clang | 0.1.4 | 65.13 | NOTE | |||
r-devel-linux-x86_64-fedora-gcc | 0.1.4 | 60.95 | NOTE | |||
r-devel-windows-x86_64 | 0.1.4 | 16.00 | 0.00 | 16.00 | OK | |
r-patched-linux-x86_64 | 0.1.4 | 5.81 | 45.34 | 51.15 | OK | |
r-release-linux-x86_64 | 0.1.4 | 5.60 | 46.63 | 52.23 | OK | |
r-release-macos-arm64 | 0.1.4 | 24.00 | OK | |||
r-release-macos-x86_64 | 0.1.4 | 36.00 | OK | |||
r-release-windows-x86_64 | 0.1.4 | 29.00 | 90.00 | 119.00 | OK | |
r-oldrel-macos-arm64 | 0.1.4 | 27.00 | OK | |||
r-oldrel-macos-x86_64 | 0.1.4 | 38.00 | OK | |||
r-oldrel-windows-ix86+x86_64 | 0.1.4 | 12.00 | 80.00 | 92.00 | OK |
Version: 0.1.4
Check: dependencies in R code
Result: NOTE
Namespace in Imports field not imported from: ‘dplyr’
All declared Imports should be used.
Flavors: r-devel-linux-x86_64-fedora-clang, r-devel-linux-x86_64-fedora-gcc