CRAN Package Check Results for Package FuzzyAHP

Last updated on 2019-07-19 15:46:59 CEST.

Flavor Version Tinstall Tcheck Ttotal Status Flags
r-devel-linux-x86_64-debian-clang 0.9.1 6.63 33.13 39.76 NOTE
r-devel-linux-x86_64-debian-gcc 0.9.1 4.95 27.53 32.48 NOTE
r-devel-linux-x86_64-fedora-clang 0.9.1 49.78 OK
r-devel-linux-x86_64-fedora-gcc 0.9.1 46.14 OK
r-devel-windows-ix86+x86_64 0.9.1 13.00 60.00 73.00 NOTE
r-patched-linux-x86_64 0.9.1 5.57 33.04 38.61 OK
r-patched-solaris-x86 0.9.1 69.20 OK
r-release-linux-x86_64 0.9.1 5.87 32.85 38.72 OK
r-release-windows-ix86+x86_64 0.9.1 8.00 45.00 53.00 OK
r-release-osx-x86_64 0.9.1 OK
r-oldrel-windows-ix86+x86_64 0.9.1 8.00 56.00 64.00 OK
r-oldrel-osx-x86_64 0.9.1 OK

Check Details

Version: 0.9.1
Check: package vignettes
Result: NOTE
    Package vignette with placeholder title 'Vignette Title':
     'main-info.Rmd'
Flavors: r-devel-linux-x86_64-debian-clang, r-devel-linux-x86_64-debian-gcc, r-devel-windows-ix86+x86_64