CRAN Package Check Results for Package FracKrigingR

Last updated on 2023-12-11 18:53:28 CET.

Flavor Version Tinstall Tcheck Ttotal Status Flags
r-devel-linux-x86_64-debian-clang 1.0.0 2.36 34.69 37.05 OK
r-devel-linux-x86_64-debian-gcc 1.0.0 1.63 24.25 25.88 OK
r-devel-linux-x86_64-fedora-clang 1.0.0 45.79 NOTE
r-devel-linux-x86_64-fedora-gcc 1.0.0 45.14 NOTE
r-devel-windows-x86_64 1.0.0 3.00 46.00 49.00 OK
r-patched-linux-x86_64 1.0.0 2.42 33.88 36.30 OK
r-release-linux-x86_64 1.0.0 2.08 34.33 36.41 OK
r-release-macos-arm64 1.0.0 18.00 OK
r-release-macos-x86_64 1.0.0 23.00 OK
r-release-windows-x86_64 1.0.0 3.00 49.00 52.00 OK
r-oldrel-macos-arm64 1.0.0 19.00 OK
r-oldrel-macos-x86_64 1.0.0 24.00 NOTE
r-oldrel-windows-x86_64 1.0.0 4.00 54.00 58.00 OK

Check Details

Version: 1.0.0
Check: dependencies in R code
Result: NOTE Namespace in Imports field not imported from: ‘psych’ All declared Imports should be used. Flavors: r-devel-linux-x86_64-fedora-clang, r-devel-linux-x86_64-fedora-gcc, r-oldrel-macos-x86_64