CRAN Package Check Results for Package FrF2

Last updated on 2022-01-23 18:50:50 CET.

Flavor Version Tinstall Tcheck Ttotal Status Flags
r-devel-linux-x86_64-debian-clang 2.2-2 16.31 167.99 184.30 NOTE
r-devel-linux-x86_64-debian-gcc 2.2-2 13.84 131.85 145.69 NOTE
r-devel-linux-x86_64-fedora-clang 2.2-2 221.03 NOTE
r-devel-linux-x86_64-fedora-gcc 2.2-2 206.07 NOTE
r-devel-windows-x86_64-new-UL 2.2-2 66.00 181.00 247.00 NOTE
r-devel-windows-x86_64-new-TK 2.2-2 NOTE
r-patched-linux-x86_64 2.2-2 22.72 157.99 180.71 NOTE
r-release-linux-x86_64 2.2-2 14.36 159.47 173.83 NOTE
r-release-macos-arm64 2.2-2 NOTE
r-release-macos-x86_64 2.2-2 NOTE
r-release-windows-ix86+x86_64 2.2-2 27.00 178.00 205.00 NOTE
r-oldrel-macos-x86_64 2.2-2 OK
r-oldrel-windows-ix86+x86_64 2.2-2 30.00 183.00 213.00 OK

Check Details

Version: 2.2-2
Check: LazyData
Result: NOTE
     'LazyData' is specified without a 'data' directory
Flavors: r-devel-linux-x86_64-debian-clang, r-devel-linux-x86_64-debian-gcc, r-devel-linux-x86_64-fedora-clang, r-devel-linux-x86_64-fedora-gcc, r-devel-windows-x86_64-new-UL, r-devel-windows-x86_64-new-TK, r-patched-linux-x86_64, r-release-linux-x86_64, r-release-macos-arm64, r-release-macos-x86_64, r-release-windows-ix86+x86_64

Version: 2.2-2
Check: Rd cross-references
Result: NOTE
    Undeclared package ‘DoE.wrapper’ in Rd xrefs
Flavor: r-devel-linux-x86_64-fedora-clang