CRAN Package Check Results for Package FrF2.catlg128

Last updated on 2022-05-24 15:52:46 CEST.

Flavor Version Tinstall Tcheck Ttotal Status Flags
r-devel-linux-x86_64-debian-clang 1.2-2 84.40 86.74 171.14 OK
r-devel-linux-x86_64-debian-gcc 1.2-2 72.62 70.04 142.66 OK
r-devel-linux-x86_64-fedora-clang 1.2-2 247.73 NOTE
r-devel-linux-x86_64-fedora-gcc 1.2-2 241.67 OK
r-devel-windows-x86_64 1.2-2 86.00 108.00 194.00 NOTE
r-patched-linux-x86_64 1.2-2 87.99 88.03 176.02 OK
r-release-linux-x86_64 1.2-2 OK
r-release-macos-arm64 1.2-2 89.00 NOTE
r-release-macos-x86_64 1.2-2 104.00 NOTE
r-release-windows-x86_64 1.2-2 81.00 110.00 191.00 NOTE
r-oldrel-macos-arm64 1.2-2 105.00 NOTE
r-oldrel-macos-x86_64 1.2-2 102.00 NOTE
r-oldrel-windows-ix86+x86_64 1.2-2 139.00 101.00 240.00 NOTE

Check Details

Version: 1.2-2
Check: installed package size
Result: NOTE
     installed size is 5.8Mb
     sub-directories of 1Mb or more:
     R 5.7Mb
Flavors: r-devel-linux-x86_64-fedora-clang, r-devel-windows-x86_64, r-release-macos-arm64, r-release-macos-x86_64, r-release-windows-x86_64, r-oldrel-macos-arm64, r-oldrel-macos-x86_64, r-oldrel-windows-ix86+x86_64